CRAN Package Check Results for Package frailtySurv

Last updated on 2018-04-25 19:46:51 CEST.

Flavor Version Tinstall Tcheck Ttotal Status Flags
r-devel-linux-x86_64-debian-clang 1.3.2 33.55 70.85 104.40 NOTE
r-devel-linux-x86_64-debian-gcc 1.3.2 25.52 56.44 81.96 NOTE
r-devel-linux-x86_64-fedora-clang 1.3.2 133.18 NOTE
r-devel-linux-x86_64-fedora-gcc 1.3.2 125.92 NOTE
r-devel-windows-ix86+x86_64 1.3.2 87.00 112.00 199.00 OK
r-patched-linux-x86_64 1.3.2 33.70 69.12 102.82 NOTE
r-patched-solaris-x86 1.3.2 163.90 OK
r-release-linux-x86_64 1.3.2 34.42 70.35 104.77 NOTE
r-release-windows-ix86+x86_64 1.3.2 87.00 112.00 199.00 OK
r-release-osx-x86_64 1.3.2 WARN
r-oldrel-windows-ix86+x86_64 1.3.2 61.00 114.00 175.00 OK
r-oldrel-osx-x86_64 1.3.2 OK

Check Details

Version: 1.3.2
Check: compiled code
Result: NOTE
    File ‘frailtySurv/libs/frailtySurv.so’:
     Found no calls to: ‘R_registerRoutines’, ‘R_useDynamicSymbols’
    
    It is good practice to register native routines and to disable symbol
    search.
    
    See ‘Writing portable packages’ in the ‘Writing R Extensions’ manual.
Flavors: r-devel-linux-x86_64-debian-clang, r-devel-linux-x86_64-debian-gcc, r-devel-linux-x86_64-fedora-clang, r-devel-linux-x86_64-fedora-gcc, r-patched-linux-x86_64, r-release-linux-x86_64

Version: 1.3.2
Check: whether package can be installed
Result: WARN
    Found the following significant warnings:
     hcubature.c:923:12: warning: comparison of unsigned enum expression < 0 is always false [-Wtautological-compare]
Flavor: r-release-osx-x86_64