CRAN Package Check Results for Package frailtySurv

Last updated on 2018-01-22 14:46:32 CET.

Flavor Version Tinstall Tcheck Ttotal Status Flags
r-devel-linux-x86_64-debian-clang 1.3.2 29.28 62.37 91.65 WARN
r-devel-linux-x86_64-debian-gcc 1.3.2 23.62 53.19 76.81 NOTE
r-devel-linux-x86_64-fedora-clang 1.3.2 138.71 NOTE
r-devel-linux-x86_64-fedora-gcc 1.3.2 124.56 NOTE
r-devel-windows-ix86+x86_64 1.3.2 66.00 110.00 176.00 OK
r-patched-linux-x86_64 1.3.2 30.77 73.82 104.59 NOTE
r-patched-solaris-x86 1.3.2 170.50 OK
r-release-linux-x86_64 1.3.2 31.30 73.36 104.66 NOTE
r-release-windows-ix86+x86_64 1.3.2 91.00 121.00 212.00 OK
r-release-osx-x86_64 1.3.2 OK
r-oldrel-windows-ix86+x86_64 1.3.2 82.00 114.00 196.00 OK
r-oldrel-osx-x86_64 1.3.2 OK

Check Details

Version: 1.3.2
Check: whether package can be installed
Result: WARN
    Found the following significant warnings:
     hcubature.c:923:12: warning: result of comparison of unsigned enum expression < 0 is always false [-Wtautological-unsigned-enum-zero-compare]
Flavor: r-devel-linux-x86_64-debian-clang

Version: 1.3.2
Check: compiled code
Result: NOTE
    File ‘frailtySurv/libs/frailtySurv.so’:
     Found no calls to: ‘R_registerRoutines’, ‘R_useDynamicSymbols’
    
    It is good practice to register native routines and to disable symbol
    search.
    
    See ‘Writing portable packages’ in the ‘Writing R Extensions’ manual.
Flavors: r-devel-linux-x86_64-debian-clang, r-devel-linux-x86_64-debian-gcc, r-devel-linux-x86_64-fedora-clang, r-devel-linux-x86_64-fedora-gcc, r-patched-linux-x86_64, r-release-linux-x86_64