CRAN Package Check Results for Package zipfextR

Last updated on 2019-09-21 08:50:26 CEST.

Flavor Version Tinstall Tcheck Ttotal Status Flags
r-devel-linux-x86_64-debian-clang 1.0.1 8.66 73.35 82.01 OK
r-devel-linux-x86_64-debian-gcc 1.0.1 7.82 58.53 66.35 OK
r-devel-linux-x86_64-fedora-clang 1.0.1 99.43 OK
r-devel-linux-x86_64-fedora-gcc 1.0.1 98.32 OK
r-devel-windows-ix86+x86_64 1.0.1 28.00 96.00 124.00 OK
r-patched-linux-x86_64 1.0.1 9.75 70.09 79.84 OK
r-patched-solaris-x86 1.0.1 163.40 OK
r-release-linux-x86_64 1.0.1 8.82 71.28 80.10 OK
r-release-windows-ix86+x86_64 1.0.1 21.00 122.00 143.00 OK
r-release-osx-x86_64 1.0.1 NOTE
r-oldrel-windows-ix86+x86_64 1.0.0 4.00 44.00 48.00 OK
r-oldrel-osx-x86_64 1.0.1 NOTE

Check Details

Version: 1.0.1
Check: dependencies in R code
Result: NOTE
    No protocol specified
Flavors: r-release-osx-x86_64, r-oldrel-osx-x86_64