CRAN Package Check Results for Package zenplots

Last updated on 2019-09-20 01:47:59 CEST.

Flavor Version Tinstall Tcheck Ttotal Status Flags
r-devel-linux-x86_64-debian-clang 1.0.0 13.22 108.47 121.69 OK
r-devel-linux-x86_64-debian-gcc 1.0.0 10.05 85.34 95.39 OK
r-devel-linux-x86_64-fedora-clang 1.0.0 151.90 OK
r-devel-linux-x86_64-fedora-gcc 1.0.0 152.49 OK
r-devel-windows-ix86+x86_64 1.0.0 35.00 258.00 293.00 OK
r-patched-linux-x86_64 1.0.0 12.87 104.29 117.16 OK
r-patched-solaris-x86 1.0.0 228.20 OK
r-release-linux-x86_64 1.0.0 11.42 104.96 116.38 OK
r-release-windows-ix86+x86_64 1.0.0 22.00 181.00 203.00 OK
r-release-osx-x86_64 1.0.0 ERROR
r-oldrel-windows-ix86+x86_64 1.0.0 15.00 178.00 193.00 OK
r-oldrel-osx-x86_64 1.0.0 OK

Check Details

Version: 1.0.0
Check: package dependencies
Result: ERROR
    Packages required but not available: 'graph', 'PairViz'
    
    Package suggested but not available for checking: ‘Rgraphviz’
    
    See section ‘The DESCRIPTION file’ in the ‘Writing R Extensions’
    manual.
Flavor: r-release-osx-x86_64