CRAN Package Check Results for Package xml2

Last updated on 2019-05-21 20:47:45 CEST.

Flavor Version Tinstall Tcheck Ttotal Status Flags
r-devel-linux-x86_64-debian-clang 1.2.0 69.91 36.19 106.10 NOTE
r-devel-linux-x86_64-debian-gcc 1.2.0 55.22 29.93 85.15 NOTE
r-devel-linux-x86_64-fedora-clang 1.2.0 178.08 NOTE
r-devel-linux-x86_64-fedora-gcc 1.2.0 142.46 NOTE
r-devel-windows-ix86+x86_64 1.2.0 138.00 123.00 261.00 NOTE
r-patched-linux-x86_64 1.2.0 64.04 36.81 100.85 NOTE
r-patched-solaris-x86 1.2.0 156.40 NOTE
r-release-linux-x86_64 1.2.0 68.27 36.55 104.82 NOTE
r-release-windows-ix86+x86_64 1.2.0 195.00 116.00 311.00 NOTE
r-release-osx-x86_64 1.2.0 WARN
r-oldrel-windows-ix86+x86_64 1.2.0 130.00 86.00 216.00 NOTE
r-oldrel-osx-x86_64 1.2.0 WARN

Check Details

Version: 1.2.0
Check: compiled code
Result: NOTE
    File 'xml2/libs/xml2.so':
     Found non-API calls to R: 'R_GetConnection', 'R_WriteConnection'
    
    Compiled code should not call non-API entry points in R.
    
    See 'Writing portable packages' in the 'Writing R Extensions' manual.
Flavors: r-devel-linux-x86_64-debian-clang, r-devel-linux-x86_64-debian-gcc, r-devel-linux-x86_64-fedora-clang, r-devel-linux-x86_64-fedora-gcc, r-patched-linux-x86_64, r-patched-solaris-x86, r-release-linux-x86_64, r-release-osx-x86_64, r-oldrel-osx-x86_64

Version: 1.2.0
Check: installed package size
Result: NOTE
     installed size is 6.7Mb
     sub-directories of 1Mb or more:
     libs 6.4Mb
Flavors: r-devel-windows-ix86+x86_64, r-release-windows-ix86+x86_64, r-oldrel-windows-ix86+x86_64

Version: 1.2.0
Check: compiled code
Result: NOTE
    File 'xml2/libs/i386/xml2.dll':
     Found non-API calls to R: 'R_GetConnection', 'R_WriteConnection'
    File 'xml2/libs/x64/xml2.dll':
     Found non-API calls to R: 'R_GetConnection', 'R_WriteConnection'
    
    Compiled code should not call non-API entry points in R.
    
    See 'Writing portable packages' in the 'Writing R Extensions' manual.
Flavors: r-devel-windows-ix86+x86_64, r-release-windows-ix86+x86_64, r-oldrel-windows-ix86+x86_64

Version: 1.2.0
Check: re-building of vignette outputs
Result: WARN
    Error(s) in re-building vignettes:
     ...
    --- re-building ‘modification.Rmd’ using rmarkdown
    Warning in engine$weave(file, quiet = quiet, encoding = enc) :
     Pandoc (>= 1.12.3) and/or pandoc-citeproc not available. Falling back to R Markdown v1.
    Error: processing vignette 'modification.Rmd' failed with diagnostics:
    there is no package called 'stringi'
    --- failed re-building ‘modification.Rmd’
    
    SUMMARY: processing the following file failed:
     ‘modification.Rmd’
    
    Error: Vignette re-building failed.
    Execution halted
Flavor: r-release-osx-x86_64

Version: 1.2.0
Check: re-building of vignette outputs
Result: WARN
    Error in re-building vignettes:
     ...
    Warning in engine$weave(file, quiet = quiet, encoding = enc) :
     Pandoc (>= 1.12.3) and/or pandoc-citeproc not available. Falling back to R Markdown v1.
    Error: processing vignette 'modification.Rmd' failed with diagnostics:
    shared object 'stringi.so' not found
    Execution halted
Flavor: r-oldrel-osx-x86_64