CRAN Package Check Results for Package xlsxjars

Last updated on 2019-09-19 14:47:02 CEST.

Flavor Version Tinstall Tcheck Ttotal Status Flags
r-devel-linux-x86_64-debian-clang 0.6.1 3.50 23.65 27.15 OK
r-devel-linux-x86_64-debian-gcc 0.6.1 2.63 19.24 21.87 OK
r-devel-linux-x86_64-fedora-clang 0.6.1 33.64 NOTE
r-devel-linux-x86_64-fedora-gcc 0.6.1 32.61 OK
r-devel-windows-ix86+x86_64 0.6.1 8.00 6.00 14.00 ERROR
r-patched-linux-x86_64 0.6.1 2.95 23.61 26.56 OK
r-patched-solaris-x86 0.6.1 51.70 NOTE
r-release-linux-x86_64 0.6.1 2.82 23.99 26.81 OK
r-release-windows-ix86+x86_64 0.6.1 7.00 56.00 63.00 NOTE
r-release-osx-x86_64 0.6.1 NOTE
r-oldrel-windows-ix86+x86_64 0.6.1 8.00 37.00 45.00 NOTE
r-oldrel-osx-x86_64 0.6.1 NOTE

Check Details

Version: 0.6.1
Check: installed package size
Result: NOTE
     installed size is 10.8Mb
     sub-directories of 1Mb or more:
     java 10.7Mb
Flavors: r-devel-linux-x86_64-fedora-clang, r-patched-solaris-x86, r-release-windows-ix86+x86_64, r-release-osx-x86_64, r-oldrel-windows-ix86+x86_64, r-oldrel-osx-x86_64

Version: 0.6.1
Check: whether package can be installed
Result: ERROR
    Installation failed.
Flavor: r-devel-windows-ix86+x86_64