CRAN Package Check Results for Package wskm

Last updated on 2019-09-19 10:48:07 CEST.

Flavor Version Tinstall Tcheck Ttotal Status Flags
r-devel-linux-x86_64-debian-clang 1.4.28 5.83 24.58 30.41 OK
r-devel-linux-x86_64-debian-gcc 1.4.28 4.00 20.07 24.07 OK
r-devel-linux-x86_64-fedora-clang 1.4.28 37.67 NOTE
r-devel-linux-x86_64-fedora-gcc 1.4.28 36.77 NOTE
r-devel-windows-ix86+x86_64 1.4.28 24.00 51.00 75.00 OK
r-patched-linux-x86_64 1.4.28 4.33 24.45 28.78 OK
r-patched-solaris-x86 1.4.28 60.40 OK
r-release-linux-x86_64 1.4.28 4.76 25.17 29.93 OK
r-release-windows-ix86+x86_64 1.4.28 16.00 85.00 101.00 OK
r-release-osx-x86_64 1.4.28 OK
r-oldrel-windows-ix86+x86_64 1.4.28 13.00 84.00 97.00 OK
r-oldrel-osx-x86_64 1.4.28 OK

Check Details

Version: 1.4.28
Check: compiled code
Result: NOTE
    File ‘wskm/libs/wskm.so’:
     Found no calls to: ‘R_registerRoutines’, ‘R_useDynamicSymbols’
    
    It is good practice to register native routines and to disable symbol
    search.
    
    See ‘Writing portable packages’ in the ‘Writing R Extensions’ manual.
Flavors: r-devel-linux-x86_64-fedora-clang, r-devel-linux-x86_64-fedora-gcc