CRAN Package Check Results for Package wppExplorer

Last updated on 2018-10-18 23:48:57 CEST.

Flavor Version Tinstall Tcheck Ttotal Status Flags
r-devel-linux-x86_64-debian-clang 2.1-1 8.33 102.09 110.42 OK
r-devel-linux-x86_64-debian-gcc 2.1-1 6.93 79.80 86.73 OK
r-devel-linux-x86_64-fedora-clang 2.1-1 128.51 OK
r-devel-linux-x86_64-fedora-gcc 2.1-1 123.50 OK
r-devel-windows-ix86+x86_64 2.1-1 22.00 111.00 133.00 OK
r-patched-linux-x86_64 2.1-1 6.73 83.86 90.59 OK
r-patched-solaris-x86 2.1-1 177.20 OK
r-release-linux-x86_64 2.1-1 5.45 84.05 89.50 OK
r-release-windows-ix86+x86_64 2.1-1 22.00 120.00 142.00 WARN
r-release-osx-x86_64 2.1-1 OK
r-oldrel-windows-ix86+x86_64 2.1-1 15.00 146.00 161.00 OK
r-oldrel-osx-x86_64 2.1-1 OK

Check Details

Version: 2.1-1
Check: whether package can be installed
Result: WARN
    Found the following significant warnings:
     Warning: S3 methods '[.fun_list', '[.grouped_df', 'all.equal.tbl_df', 'anti_join.data.frame', 'anti_join.tbl_df', 'arrange.data.frame', 'arrange.default', 'arrange.grouped_df', 'arrange.tbl_df', 'arrange_.data.frame', 'arrange_.tbl_df', 'as.data.frame.grouped_df', 'as.data.frame.rowwise_df', 'as.data.frame.tbl_cube', 'as.data.frame.tbl_df', 'as.table.tbl_cube', 'as.tbl.data.frame', 'as.tbl.tbl', 'as.tbl_cube.array', 'as.tbl_cube.data.frame', 'as.tbl_cube.matrix', 'as.tbl_cube.table', 'as_data_frame.grouped_df', 'as_data_frame.tbl_cube', 'auto_copy.tbl_cube', 'auto_copy.tbl_df', 'cbind.grouped_df', 'collapse.data.frame', 'collect.data.frame', 'common_by.NULL', 'common_by.character', 'common_by.default', 'common_by.list', 'compute.data.frame', 'copy_to.DBIConnection', 'copy_to.src_local', 'default_missing.data.frame', 'default_missing.default', 'dim.tbl_cube', 'distinct.data.frame', 'distinct.default', 'distinct.grouped_df', 'distinct.tbl_df', 'distinct_.data.frame', 'distinct_.grouped_df', 'dist [... truncated]
Flavor: r-release-windows-ix86+x86_64