CRAN Package Check Results for Package wpp2017

Last updated on 2019-08-19 11:49:17 CEST.

Flavor Version Tinstall Tcheck Ttotal Status Flags
r-devel-linux-x86_64-debian-clang 1.2-1 2.95 48.35 51.30 OK
r-devel-linux-x86_64-debian-gcc 1.2-1 2.21 40.31 42.52 OK
r-devel-linux-x86_64-fedora-clang 1.2-1 58.40 NOTE
r-devel-linux-x86_64-fedora-gcc 1.2-1 62.33 OK
r-devel-windows-ix86+x86_64 1.2-1 12.00 139.00 151.00 NOTE
r-patched-linux-x86_64 1.2-1 2.30 46.25 48.55 OK
r-patched-solaris-x86 1.2-1 98.80 NOTE
r-release-linux-x86_64 1.2-1 2.51 47.79 50.30 OK
r-release-windows-ix86+x86_64 1.2-1 8.00 60.00 68.00 NOTE
r-release-osx-x86_64 1.2-1 NOTE
r-oldrel-windows-ix86+x86_64 1.2-1 8.00 52.00 60.00 NOTE
r-oldrel-osx-x86_64 1.2-1 NOTE

Check Details

Version: 1.2-1
Check: installed package size
Result: NOTE
     installed size is 11.6Mb
     sub-directories of 1Mb or more:
     data 11.4Mb
Flavors: r-devel-linux-x86_64-fedora-clang, r-devel-windows-ix86+x86_64, r-patched-solaris-x86, r-release-windows-ix86+x86_64, r-release-osx-x86_64, r-oldrel-windows-ix86+x86_64, r-oldrel-osx-x86_64