CRAN Package Check Results for Package wpp2017

Last updated on 2019-05-27 06:50:16 CEST.

Flavor Version Tinstall Tcheck Ttotal Status Flags
r-devel-linux-x86_64-debian-clang 1.2-1 2.47 48.66 51.13 OK
r-devel-linux-x86_64-debian-gcc 1.2-1 1.93 40.09 42.02 OK
r-devel-linux-x86_64-fedora-clang 1.2-1 59.09 NOTE
r-devel-linux-x86_64-fedora-gcc 1.2-1 55.85 OK
r-devel-windows-ix86+x86_64 1.2-1 8.00 90.00 98.00 NOTE
r-patched-linux-x86_64 1.2-1 OK
r-patched-solaris-x86 1.2-1 95.20 NOTE
r-release-linux-x86_64 1.2-1 2.49 47.69 50.18 OK
r-release-windows-ix86+x86_64 1.2-1 9.00 59.00 68.00 NOTE
r-release-osx-x86_64 1.2-1 NOTE
r-oldrel-windows-ix86+x86_64 1.2-1 8.00 38.00 46.00 NOTE
r-oldrel-osx-x86_64 1.2-1 NOTE

Check Details

Version: 1.2-1
Check: installed package size
Result: NOTE
     installed size is 11.6Mb
     sub-directories of 1Mb or more:
     data 11.4Mb
Flavors: r-devel-linux-x86_64-fedora-clang, r-devel-windows-ix86+x86_64, r-patched-solaris-x86, r-release-windows-ix86+x86_64, r-release-osx-x86_64, r-oldrel-windows-ix86+x86_64, r-oldrel-osx-x86_64