CRAN Package Check Results for Package wpp2015

Last updated on 2019-09-17 22:48:22 CEST.

Flavor Version Tinstall Tcheck Ttotal Status Flags
r-devel-linux-x86_64-debian-clang 1.1-2 2.59 35.46 38.05 OK
r-devel-linux-x86_64-debian-gcc 1.1-2 2.21 29.54 31.75 OK
r-devel-linux-x86_64-fedora-clang 1.1-2 47.92 NOTE
r-devel-linux-x86_64-fedora-gcc 1.1-2 47.49 OK
r-devel-windows-ix86+x86_64 1.1-2 13.00 55.00 68.00 NOTE
r-patched-linux-x86_64 1.1-2 2.37 35.67 38.04 OK
r-patched-solaris-x86 1.1-2 76.80 NOTE
r-release-linux-x86_64 1.1-2 2.70 36.43 39.13 OK
r-release-windows-ix86+x86_64 1.1-2 7.00 87.00 94.00 NOTE
r-release-osx-x86_64 1.1-2 NOTE
r-oldrel-windows-ix86+x86_64 1.1-2 7.00 33.00 40.00 NOTE
r-oldrel-osx-x86_64 1.1-2 NOTE

Check Details

Version: 1.1-2
Check: installed package size
Result: NOTE
     installed size is 11.4Mb
     sub-directories of 1Mb or more:
     data 11.2Mb
Flavors: r-devel-linux-x86_64-fedora-clang, r-devel-windows-ix86+x86_64, r-patched-solaris-x86, r-release-windows-ix86+x86_64, r-release-osx-x86_64, r-oldrel-windows-ix86+x86_64, r-oldrel-osx-x86_64