CRAN Package Check Results for Package wpp2015

Last updated on 2019-04-25 09:50:43 CEST.

Flavor Version Tinstall Tcheck Ttotal Status Flags
r-devel-linux-x86_64-debian-clang 1.1-2 2.31 36.61 38.92 OK
r-devel-linux-x86_64-debian-gcc 1.1-2 1.85 30.48 32.33 OK
r-devel-linux-x86_64-fedora-clang 1.1-2 47.36 NOTE
r-devel-linux-x86_64-fedora-gcc 1.1-2 45.69 OK
r-devel-windows-ix86+x86_64 1.1-2 11.00 58.00 69.00 NOTE
r-patched-linux-x86_64 1.1-2 2.12 37.48 39.60 OK
r-patched-solaris-x86 1.1-2 79.50 NOTE
r-release-linux-x86_64 1.1-2 2.26 19.00 21.26 OK
r-release-windows-ix86+x86_64 1.1-2 6.00 48.00 54.00 NOTE
r-release-osx-x86_64 1.1-2 NOTE
r-oldrel-windows-ix86+x86_64 1.1-2 7.00 45.00 52.00 NOTE
r-oldrel-osx-x86_64 1.1-2 NOTE

Check Details

Version: 1.1-2
Check: installed package size
Result: NOTE
     installed size is 11.4Mb
     sub-directories of 1Mb or more:
     data 11.2Mb
Flavors: r-devel-linux-x86_64-fedora-clang, r-devel-windows-ix86+x86_64, r-patched-solaris-x86, r-release-windows-ix86+x86_64, r-release-osx-x86_64, r-oldrel-windows-ix86+x86_64, r-oldrel-osx-x86_64