CRAN Package Check Results for Package wpp2015

Last updated on 2019-07-16 07:51:11 CEST.

Flavor Version Tinstall Tcheck Ttotal Status Flags
r-devel-linux-x86_64-debian-clang 1.1-2 2.19 36.88 39.07 OK
r-devel-linux-x86_64-debian-gcc 1.1-2 1.85 30.67 32.52 OK
r-devel-linux-x86_64-fedora-clang 1.1-2 47.53 NOTE
r-devel-linux-x86_64-fedora-gcc 1.1-2 45.91 OK
r-devel-windows-ix86+x86_64 1.1-2 10.00 53.00 63.00 NOTE
r-patched-linux-x86_64 1.1-2 2.70 37.08 39.78 OK
r-patched-solaris-x86 1.1-2 80.70 NOTE
r-release-linux-x86_64 1.1-2 2.54 37.56 40.10 OK
r-release-windows-ix86+x86_64 1.1-2 8.00 75.00 83.00 NOTE
r-release-osx-x86_64 1.1-2 NOTE
r-oldrel-windows-ix86+x86_64 1.1-2 8.00 33.00 41.00 NOTE
r-oldrel-osx-x86_64 1.1-2 NOTE

Check Details

Version: 1.1-2
Check: installed package size
Result: NOTE
     installed size is 11.4Mb
     sub-directories of 1Mb or more:
     data 11.2Mb
Flavors: r-devel-linux-x86_64-fedora-clang, r-devel-windows-ix86+x86_64, r-patched-solaris-x86, r-release-windows-ix86+x86_64, r-release-osx-x86_64, r-oldrel-windows-ix86+x86_64, r-oldrel-osx-x86_64