CRAN Package Check Results for Package wordspace

Last updated on 2018-07-20 14:49:28 CEST.

Flavor Version Tinstall Tcheck Ttotal Status Flags
r-devel-linux-x86_64-debian-clang 0.2-0 31.51 111.48 142.99 NOTE
r-devel-linux-x86_64-debian-gcc 0.2-0 25.51 86.82 112.33 NOTE
r-devel-linux-x86_64-fedora-clang 0.2-0 171.09 NOTE
r-devel-linux-x86_64-fedora-gcc 0.2-0 168.61 NOTE
r-devel-windows-ix86+x86_64 0.2-0 53.00 226.00 279.00 OK
r-patched-linux-x86_64 0.2-0 31.74 97.95 129.69 NOTE
r-patched-solaris-x86 0.2-0 241.30 OK
r-release-linux-x86_64 0.2-0 31.02 96.81 127.83 NOTE
r-release-windows-ix86+x86_64 0.2-0 64.00 144.00 208.00 OK
r-release-osx-x86_64 0.2-0 OK
r-oldrel-windows-ix86+x86_64 0.2-0 65.00 165.00 230.00 OK
r-oldrel-osx-x86_64 0.2-0 OK

Check Details

Version: 0.2-0
Check: compiled code
Result: NOTE
    File ‘wordspace/libs/wordspace.so’:
     Found no calls to: ‘R_registerRoutines’, ‘R_useDynamicSymbols’
    
    It is good practice to register native routines and to disable symbol
    search.
    
    See ‘Writing portable packages’ in the ‘Writing R Extensions’ manual.
Flavors: r-devel-linux-x86_64-debian-clang, r-devel-linux-x86_64-debian-gcc, r-devel-linux-x86_64-fedora-clang, r-devel-linux-x86_64-fedora-gcc, r-patched-linux-x86_64, r-release-linux-x86_64