CRAN Package Check Results for Package wle

Last updated on 2017-12-16 09:51:28 CET.

Flavor Version Tinstall Tcheck Ttotal Status Flags
r-devel-linux-x86_64-debian-clang 0.9-91 9.94 93.60 103.54 NOTE
r-devel-linux-x86_64-debian-gcc 0.9-91 9.40 68.99 78.39 NOTE
r-devel-linux-x86_64-fedora-clang 0.9-91 111.33 NOTE
r-devel-linux-x86_64-fedora-gcc 0.9-91 110.29 NOTE
r-devel-windows-ix86+x86_64 0.9-91 91.00 170.00 261.00 OK
r-patched-linux-x86_64 0.9-91 10.09 91.52 101.61 NOTE
r-patched-solaris-x86 0.9-91 137.90 OK
r-release-linux-x86_64 0.9-91 9.32 89.43 98.75 NOTE
r-release-windows-ix86+x86_64 0.9-91 66.00 163.00 229.00 OK
r-release-osx-x86_64 0.9-91 NOTE
r-oldrel-windows-ix86+x86_64 0.9-91 78.00 129.00 207.00 OK
r-oldrel-osx-x86_64 0.9-91 NOTE

Additional issues

valgrind

Check Details

Version: 0.9-91
Check: compiled code
Result: NOTE
    File ‘wle/libs/wle.so’:
     Found no calls to: ‘R_registerRoutines’, ‘R_useDynamicSymbols’
    
    It is good practice to register native routines and to disable symbol
    search.
    
    See ‘Writing portable packages’ in the ‘Writing R Extensions’ manual.
Flavors: r-devel-linux-x86_64-debian-clang, r-devel-linux-x86_64-debian-gcc, r-devel-linux-x86_64-fedora-clang, r-devel-linux-x86_64-fedora-gcc, r-patched-linux-x86_64, r-release-linux-x86_64

Version: 0.9-91
Check: dependencies in R code
Result: NOTE
    Unexported objects imported by ':::' calls:
     ‘circular:::DensityCircularRad’ ‘circular:::DvonmisesRad’
     ‘circular:::DwrappednormalRad’ ‘circular:::MlevonmisesRad’
     ‘circular:::MlewrappednormalRad’
     See the note in ?`:::` about the use of this operator.
Flavors: r-release-osx-x86_64, r-oldrel-osx-x86_64