CRAN Package Check Results for Package weightedScores

Last updated on 2019-09-22 18:47:51 CEST.

Flavor Version Tinstall Tcheck Ttotal Status Flags
r-devel-linux-x86_64-debian-clang 0.9.5.1 9.83 122.09 131.92 OK
r-devel-linux-x86_64-debian-gcc 0.9.5.1 7.34 91.55 98.89 OK
r-devel-linux-x86_64-fedora-clang 0.9.5.1 162.51 NOTE
r-devel-linux-x86_64-fedora-gcc 0.9.5.1 148.65 NOTE
r-devel-windows-ix86+x86_64 0.9.5.1 39.00 212.00 251.00 OK
r-patched-linux-x86_64 0.9.5.1 8.73 122.31 131.04 OK
r-patched-solaris-x86 0.9.5.1 181.50 OK
r-release-linux-x86_64 0.9.5.1 8.08 124.06 132.14 OK
r-release-windows-ix86+x86_64 0.9.5.1 54.00 240.00 294.00 OK
r-release-osx-x86_64 0.9.5.1 OK
r-oldrel-windows-ix86+x86_64 0.9.5.1 26.00 192.00 218.00 OK
r-oldrel-osx-x86_64 0.9.5.1 OK

Additional issues

valgrind

Check Details

Version: 0.9.5.1
Check: compiled code
Result: NOTE
    File ‘weightedScores/libs/weightedScores.so’:
     Found no calls to: ‘R_registerRoutines’, ‘R_useDynamicSymbols’
    
    It is good practice to register native routines and to disable symbol
    search.
    
    See ‘Writing portable packages’ in the ‘Writing R Extensions’ manual.
Flavors: r-devel-linux-x86_64-fedora-clang, r-devel-linux-x86_64-fedora-gcc