CRAN Package Check Results for Package webr

Last updated on 2019-09-20 21:46:40 CEST.

Flavor Version Tinstall Tcheck Ttotal Status Flags
r-devel-linux-x86_64-debian-clang 0.1.0 4.67 43.17 47.84 OK
r-devel-linux-x86_64-debian-gcc 0.1.0 3.92 34.44 38.36 OK
r-devel-linux-x86_64-fedora-clang 0.1.0 60.43 NOTE
r-devel-linux-x86_64-fedora-gcc 0.1.0 56.83 NOTE
r-devel-windows-ix86+x86_64 0.1.0 21.00 60.00 81.00 OK
r-patched-linux-x86_64 0.1.0 4.49 42.86 47.35 OK
r-patched-solaris-x86 0.1.0 91.40 NOTE
r-release-linux-x86_64 0.1.0 4.57 44.07 48.64 OK
r-release-windows-ix86+x86_64 0.1.0 12.00 91.00 103.00 OK
r-release-osx-x86_64 0.1.0 NOTE
r-oldrel-windows-ix86+x86_64 0.1.0 6.00 57.00 63.00 OK
r-oldrel-osx-x86_64 0.1.0 NOTE

Check Details

Version: 0.1.0
Check: dependencies in R code
Result: NOTE
    Namespace in Imports field not imported from: ‘moonBook’
     All declared Imports should be used.
Flavors: r-devel-linux-x86_64-fedora-clang, r-devel-linux-x86_64-fedora-gcc, r-patched-solaris-x86, r-release-osx-x86_64, r-oldrel-osx-x86_64