CRAN Package Check Results for Package waveformlidar

Last updated on 2020-01-20 23:50:29 CET.

Flavor Version Tinstall Tcheck Ttotal Status Flags
r-devel-linux-x86_64-debian-clang 1.1.0 7.74 72.58 80.32 NOTE
r-devel-linux-x86_64-debian-gcc 1.1.0 6.63 59.04 65.67 NOTE
r-devel-linux-x86_64-fedora-clang 1.1.0 94.83 NOTE
r-devel-linux-x86_64-fedora-gcc 1.1.0 91.91 NOTE
r-devel-windows-ix86+x86_64 1.1.0 30.00 112.00 142.00 NOTE
r-devel-windows-ix86+x86_64-gcc8 1.1.0 22.00 117.00 139.00 NOTE
r-patched-linux-x86_64 1.1.0 6.77 64.58 71.35 NOTE
r-patched-solaris-x86 1.1.0 137.10 NOTE
r-release-linux-x86_64 1.1.0 6.85 65.17 72.02 NOTE
r-release-windows-ix86+x86_64 1.1.0 15.00 98.00 113.00 NOTE
r-release-osx-x86_64 1.1.0 NOTE
r-oldrel-windows-ix86+x86_64 1.1.0 10.00 63.00 73.00 NOTE
r-oldrel-osx-x86_64 1.1.0 NOTE

Check Details

Version: 1.1.0
Check: package dependencies
Result: NOTE
    Package suggested but not available for checking: 'rPeaks'
Flavors: r-devel-linux-x86_64-debian-clang, r-devel-linux-x86_64-debian-gcc, r-devel-linux-x86_64-fedora-clang, r-devel-linux-x86_64-fedora-gcc, r-devel-windows-ix86+x86_64, r-devel-windows-ix86+x86_64-gcc8, r-patched-linux-x86_64, r-patched-solaris-x86, r-release-linux-x86_64, r-release-windows-ix86+x86_64, r-release-osx-x86_64, r-oldrel-windows-ix86+x86_64, r-oldrel-osx-x86_64

Version: 1.1.0
Check: dependencies in R code
Result: NOTE
    Namespaces in Imports field not imported from:
     ‘raster’ ‘reshape2’
     All declared Imports should be used.
Flavors: r-devel-linux-x86_64-fedora-clang, r-devel-linux-x86_64-fedora-gcc, r-patched-solaris-x86, r-release-osx-x86_64, r-oldrel-osx-x86_64