CRAN Package Check Results for Package wahc

Last updated on 2020-01-22 15:49:24 CET.

Flavor Version Tinstall Tcheck Ttotal Status Flags
r-devel-linux-x86_64-debian-clang 1.0 1.90 17.18 19.08 NOTE
r-devel-linux-x86_64-debian-gcc 1.0 1.59 14.00 15.59 NOTE
r-devel-linux-x86_64-fedora-clang 1.0 24.27 NOTE
r-devel-linux-x86_64-fedora-gcc 1.0 23.36 NOTE
r-devel-windows-ix86+x86_64 1.0 8.00 37.00 45.00 NOTE
r-devel-windows-ix86+x86_64-gcc8 1.0 5.00 36.00 41.00 NOTE
r-patched-linux-x86_64 1.0 1.36 16.12 17.48 NOTE
r-patched-solaris-x86 1.0 35.70 NOTE
r-release-linux-x86_64 1.0 1.46 16.02 17.48 NOTE
r-release-windows-ix86+x86_64 1.0 4.00 37.00 41.00 NOTE
r-release-osx-x86_64 1.0 NOTE
r-oldrel-windows-ix86+x86_64 1.0 2.00 26.00 28.00 NOTE
r-oldrel-osx-x86_64 1.0 NOTE

Check Details

Version: 1.0
Check: R code for possible problems
Result: NOTE
    summary.whc: no visible global function definition for 'printCoefmat'
    wahc.fit: no visible global function definition for 'pt'
    wahc.fit: no visible global function definition for 'cor'
    whc: no visible global function definition for 'model.frame'
    whc: no visible global function definition for 'model.matrix'
    whc: no visible global function definition for 'model.response'
    Undefined global functions or variables:
     cor model.frame model.matrix model.response printCoefmat pt
    Consider adding
     importFrom("stats", "cor", "model.frame", "model.matrix",
     "model.response", "printCoefmat", "pt")
    to your NAMESPACE file.
Flavors: r-devel-linux-x86_64-debian-clang, r-devel-linux-x86_64-debian-gcc, r-devel-linux-x86_64-fedora-clang, r-devel-linux-x86_64-fedora-gcc, r-devel-windows-ix86+x86_64, r-devel-windows-ix86+x86_64-gcc8, r-patched-linux-x86_64, r-patched-solaris-x86, r-release-linux-x86_64, r-release-windows-ix86+x86_64, r-release-osx-x86_64, r-oldrel-windows-ix86+x86_64, r-oldrel-osx-x86_64