CRAN Package Check Results for Package wahc

Last updated on 2019-09-15 19:49:17 CEST.

Flavor Version Tinstall Tcheck Ttotal Status Flags
r-devel-linux-x86_64-debian-clang 1.0 1.78 16.28 18.06 NOTE
r-devel-linux-x86_64-debian-gcc 1.0 1.55 13.67 15.22 NOTE
r-devel-linux-x86_64-fedora-clang 1.0 22.66 NOTE
r-devel-linux-x86_64-fedora-gcc 1.0 22.12 NOTE
r-devel-windows-ix86+x86_64 1.0 7.00 26.00 33.00 NOTE
r-patched-linux-x86_64 1.0 1.51 16.43 17.94 NOTE
r-patched-solaris-x86 1.0 33.50 NOTE
r-release-linux-x86_64 1.0 1.53 16.57 18.10 NOTE
r-release-windows-ix86+x86_64 1.0 4.00 37.00 41.00 NOTE
r-release-osx-x86_64 1.0 NOTE
r-oldrel-windows-ix86+x86_64 1.0 2.00 26.00 28.00 NOTE
r-oldrel-osx-x86_64 1.0 NOTE

Check Details

Version: 1.0
Check: R code for possible problems
Result: NOTE
    summary.whc: no visible global function definition for 'printCoefmat'
    wahc.fit: no visible global function definition for 'pt'
    wahc.fit: no visible global function definition for 'cor'
    whc: no visible global function definition for 'model.frame'
    whc: no visible global function definition for 'model.matrix'
    whc: no visible global function definition for 'model.response'
    Undefined global functions or variables:
     cor model.frame model.matrix model.response printCoefmat pt
    Consider adding
     importFrom("stats", "cor", "model.frame", "model.matrix",
     "model.response", "printCoefmat", "pt")
    to your NAMESPACE file.
Flavors: r-devel-linux-x86_64-debian-clang, r-devel-linux-x86_64-debian-gcc, r-devel-linux-x86_64-fedora-clang, r-devel-linux-x86_64-fedora-gcc, r-devel-windows-ix86+x86_64, r-patched-linux-x86_64, r-patched-solaris-x86, r-release-linux-x86_64, r-release-windows-ix86+x86_64, r-release-osx-x86_64, r-oldrel-windows-ix86+x86_64, r-oldrel-osx-x86_64