CRAN Package Check Results for Package vmsbase

Last updated on 2017-12-17 13:48:33 CET.

Flavor Version Tinstall Tcheck Ttotal Status Flags
r-devel-linux-x86_64-debian-clang 2.1.3 10.08 148.82 158.90 OK
r-devel-linux-x86_64-debian-gcc 2.1.3 9.43 118.36 127.79 OK
r-devel-linux-x86_64-fedora-clang 2.1.3 179.50 OK
r-devel-linux-x86_64-fedora-gcc 2.1.3 179.28 OK
r-devel-windows-ix86+x86_64 2.1.3 23.00 4.00 27.00 ERROR
r-patched-linux-x86_64 2.1.3 12.31 162.33 174.64 OK
r-patched-solaris-x86 2.1.3 284.20 OK
r-release-linux-x86_64 2.1.3 11.71 159.12 170.83 OK
r-release-windows-ix86+x86_64 2.1.3 28.00 4.00 32.00 ERROR
r-release-osx-x86_64 2.1.3 ERROR
r-oldrel-windows-ix86+x86_64 2.1.3 55.00 11.00 66.00 ERROR
r-oldrel-osx-x86_64 2.1.3 OK

Check Details

Version: 2.1.3
Check: whether package can be installed
Result: ERROR
    Installation failed.
Flavors: r-devel-windows-ix86+x86_64, r-release-windows-ix86+x86_64, r-oldrel-windows-ix86+x86_64

Version: 2.1.3
Check: package dependencies
Result: ERROR
    Packages required but not available: ‘cairoDevice’ ‘gWidgetsRGtk2’
    
    See section ‘The DESCRIPTION file’ in the ‘Writing R Extensions’
    manual.
Flavor: r-release-osx-x86_64