CRAN Package Check Results for Package vmsbase

Last updated on 2018-07-20 14:49:27 CEST.

Flavor Version Tinstall Tcheck Ttotal Status Flags
r-devel-linux-x86_64-debian-clang 2.1.3 26.89 185.45 212.34 OK
r-devel-linux-x86_64-debian-gcc 2.1.3 23.64 145.60 169.24 OK
r-devel-linux-x86_64-fedora-clang 2.1.3 252.68 OK
r-devel-linux-x86_64-fedora-gcc 2.1.3 249.16 OK
r-devel-windows-ix86+x86_64 2.1.3 41.00 244.00 285.00 OK
r-patched-linux-x86_64 2.1.3 30.58 159.03 189.61 OK
r-patched-solaris-x86 2.1.3 339.60 OK
r-release-linux-x86_64 2.1.3 27.17 159.25 186.42 OK
r-release-windows-ix86+x86_64 2.1.3 58.00 172.00 230.00 OK
r-release-osx-x86_64 2.1.3 ERROR
r-oldrel-windows-ix86+x86_64 2.1.3 38.00 178.00 216.00 OK
r-oldrel-osx-x86_64 2.1.3 ERROR

Check Details

Version: 2.1.3
Check: package dependencies
Result: ERROR
    Packages required but not available: ‘cairoDevice’ ‘gWidgetsRGtk2’
    
    See section ‘The DESCRIPTION file’ in the ‘Writing R Extensions’
    manual.
Flavors: r-release-osx-x86_64, r-oldrel-osx-x86_64