CRAN Package Check Results for Package vmsbase

Last updated on 2018-10-18 23:48:56 CEST.

Flavor Version Tinstall Tcheck Ttotal Status Flags
r-devel-linux-x86_64-debian-clang 2.1.3 30.41 200.18 230.59 OK
r-devel-linux-x86_64-debian-gcc 2.1.3 22.97 160.61 183.58 OK
r-devel-linux-x86_64-fedora-clang 2.1.3 267.64 OK
r-devel-linux-x86_64-fedora-gcc 2.1.3 266.07 OK
r-devel-windows-ix86+x86_64 2.1.3 59.00 271.00 330.00 OK
r-patched-linux-x86_64 2.1.3 30.29 166.71 197.00 OK
r-patched-solaris-x86 2.1.3 336.30 OK
r-release-linux-x86_64 2.1.3 25.85 164.79 190.64 OK
r-release-windows-ix86+x86_64 2.1.3 56.00 234.00 290.00 OK
r-release-osx-x86_64 2.1.3 ERROR
r-oldrel-windows-ix86+x86_64 2.1.3 26.00 246.00 272.00 OK
r-oldrel-osx-x86_64 2.1.3 ERROR

Check Details

Version: 2.1.3
Check: package dependencies
Result: ERROR
    Packages required but not available: ‘cairoDevice’ ‘gWidgetsRGtk2’
    
    See section ‘The DESCRIPTION file’ in the ‘Writing R Extensions’
    manual.
Flavors: r-release-osx-x86_64, r-oldrel-osx-x86_64