CRAN Package Check Results for Package vivo

Last updated on 2019-09-20 21:46:40 CEST.

Flavor Version Tinstall Tcheck Ttotal Status Flags
r-devel-linux-x86_64-debian-clang 0.1.1 3.74 54.74 58.48 OK
r-devel-linux-x86_64-debian-gcc 0.1.1 3.75 44.15 47.90 OK
r-devel-linux-x86_64-fedora-clang 0.1.1 72.28 NOTE
r-devel-linux-x86_64-fedora-gcc 0.1.1 70.00 NOTE
r-devel-windows-ix86+x86_64 0.1.1 31.00 101.00 132.00 OK
r-patched-linux-x86_64 0.1.1 3.76 54.23 57.99 OK
r-patched-solaris-x86 0.1.1 107.50 NOTE
r-release-linux-x86_64 0.1.1 4.28 55.00 59.28 OK
r-release-windows-ix86+x86_64 0.1.1 12.00 107.00 119.00 OK
r-release-osx-x86_64 0.1.1 NOTE
r-oldrel-windows-ix86+x86_64 0.1.1 6.00 70.00 76.00 OK
r-oldrel-osx-x86_64 0.1.1 NOTE

Check Details

Version: 0.1.1
Check: dependencies in R code
Result: NOTE
    Namespace in Imports field not imported from: ‘ingredients’
     All declared Imports should be used.
Flavors: r-devel-linux-x86_64-fedora-clang, r-devel-linux-x86_64-fedora-gcc, r-patched-solaris-x86, r-release-osx-x86_64, r-oldrel-osx-x86_64