CRAN Package Check Results for Package vietnamcode

Last updated on 2019-09-15 14:47:01 CEST.

Flavor Version Tinstall Tcheck Ttotal Status Flags
r-devel-linux-x86_64-debian-clang 0.1.1 1.67 17.96 19.63 OK
r-devel-linux-x86_64-debian-gcc 0.1.1 1.43 14.51 15.94 OK
r-devel-linux-x86_64-fedora-clang 0.1.1 23.89 NOTE
r-devel-linux-x86_64-fedora-gcc 0.1.1 24.39 NOTE
r-devel-windows-ix86+x86_64 0.1.1 6.00 31.00 37.00 OK
r-patched-linux-x86_64 0.1.1 1.53 17.99 19.52 OK
r-patched-solaris-x86 0.1.1 36.90 NOTE
r-release-linux-x86_64 0.1.1 1.33 18.25 19.58 OK
r-release-windows-ix86+x86_64 0.1.1 4.00 49.00 53.00 OK
r-release-osx-x86_64 0.1.1 NOTE
r-oldrel-windows-ix86+x86_64 0.1.1 3.00 25.00 28.00 OK
r-oldrel-osx-x86_64 0.1.1 NOTE

Check Details

Version: 0.1.1
Check: data for non-ASCII characters
Result: NOTE
     Note: found 60 marked UTF-8 strings
Flavors: r-devel-linux-x86_64-fedora-clang, r-devel-linux-x86_64-fedora-gcc, r-patched-solaris-x86, r-release-osx-x86_64, r-oldrel-osx-x86_64