CRAN Package Check Results for Package vein

Last updated on 2019-06-15 22:59:02 CEST.

Flavor Version Tinstall Tcheck Ttotal Status Flags
r-devel-linux-x86_64-debian-clang 0.7.8 21.11 200.22 221.33 OK
r-devel-linux-x86_64-debian-gcc 0.7.8 17.87 151.89 169.76 OK
r-devel-linux-x86_64-fedora-clang 0.7.8 165.45 NOTE
r-devel-linux-x86_64-fedora-gcc 0.7.8 161.73 NOTE
r-devel-windows-ix86+x86_64 0.7.0 49.00 193.00 242.00 OK
r-patched-linux-x86_64 0.7.8 21.05 191.99 213.04 OK
r-patched-solaris-x86 0.7.8 341.40 NOTE
r-release-linux-x86_64 0.7.8 21.37 196.83 218.20 OK
r-release-windows-ix86+x86_64 0.7.0 37.00 251.00 288.00 OK
r-release-osx-x86_64 0.7.8 NOTE
r-oldrel-windows-ix86+x86_64 0.7.8 20.00 165.00 185.00 NOTE
r-oldrel-osx-x86_64 0.7.8 NOTE

Check Details

Version: 0.7.8
Check: installed package size
Result: NOTE
     installed size is 6.9Mb
     sub-directories of 1Mb or more:
     R 2.5Mb
Flavors: r-devel-linux-x86_64-fedora-clang, r-patched-solaris-x86, r-release-osx-x86_64, r-oldrel-windows-ix86+x86_64, r-oldrel-osx-x86_64

Version: 0.7.8
Check: dependencies in R code
Result: NOTE
    Namespace in Imports field not imported from: ‘methods’
     All declared Imports should be used.
Flavors: r-devel-linux-x86_64-fedora-clang, r-devel-linux-x86_64-fedora-gcc, r-patched-solaris-x86, r-release-osx-x86_64, r-oldrel-osx-x86_64