CRAN Package Check Results for Package vegan

Last updated on 2017-12-14 08:51:38 CET.

Flavor Version Tinstall Tcheck Ttotal Status Flags
r-devel-linux-x86_64-debian-clang 2.4-5 9.90 130.37 140.27 FAIL
r-devel-linux-x86_64-debian-gcc 2.4-5 9.37 110.14 119.51 FAIL
r-devel-linux-x86_64-fedora-clang 2.4-5 306.67 OK
r-devel-linux-x86_64-fedora-gcc 2.4-5 304.78 OK
r-devel-windows-ix86+x86_64 2.4-5 42.00 332.00 374.00 OK
r-patched-linux-x86_64 2.4-5 9.63 277.77 287.40 OK
r-patched-solaris-x86 2.4-5 376.70 OK
r-release-linux-x86_64 2.4-5 10.12 276.40 286.52 OK
r-release-windows-ix86+x86_64 2.4-5 29.00 346.00 375.00 OK
r-release-osx-x86_64 2.4-5 OK
r-oldrel-windows-ix86+x86_64 2.4-5 29.00 401.00 430.00 OK
r-oldrel-osx-x86_64 2.4-5 OK

Check Details

Version: 2.4-5
Check: pragmas in C/C++ headers and code
Result: FAIL
    
Flavors: r-devel-linux-x86_64-debian-clang, r-devel-linux-x86_64-debian-gcc