CRAN Package Check Results for Package vdg

Last updated on 2019-07-16 07:51:10 CEST.

Flavor Version Tinstall Tcheck Ttotal Status Flags
r-devel-linux-x86_64-debian-clang 1.2.0 10.22 463.44 473.66 OK
r-devel-linux-x86_64-debian-gcc 1.2.0 9.29 380.89 390.18 OK
r-devel-linux-x86_64-fedora-clang 1.2.0 329.33 NOTE
r-devel-linux-x86_64-fedora-gcc 1.2.0 585.77 NOTE
r-devel-windows-ix86+x86_64 1.2.0 38.00 201.00 239.00 OK
r-patched-linux-x86_64 1.2.0 9.34 461.24 470.58 OK
r-patched-solaris-x86 1.2.0 285.30 OK
r-release-linux-x86_64 1.2.0 8.99 477.86 486.85 OK
r-release-windows-ix86+x86_64 1.2.0 24.00 276.00 300.00 OK
r-release-osx-x86_64 1.2.0 OK
r-oldrel-windows-ix86+x86_64 1.2.0 21.00 198.00 219.00 OK
r-oldrel-osx-x86_64 1.2.0 OK

Check Details

Version: 1.2.0
Check: compiled code
Result: NOTE
    File ‘vdg/libs/vdg.so’:
     Found no calls to: ‘R_registerRoutines’, ‘R_useDynamicSymbols’
    
    It is good practice to register native routines and to disable symbol
    search.
    
    See ‘Writing portable packages’ in the ‘Writing R Extensions’ manual.
Flavors: r-devel-linux-x86_64-fedora-clang, r-devel-linux-x86_64-fedora-gcc