CRAN Package Check Results for Package vdg

Last updated on 2019-05-21 20:47:44 CEST.

Flavor Version Tinstall Tcheck Ttotal Status Flags
r-devel-linux-x86_64-debian-clang 1.2.0 9.05 470.85 479.90 OK
r-devel-linux-x86_64-debian-gcc 1.2.0 8.31 386.80 395.11 OK
r-devel-linux-x86_64-fedora-clang 1.2.0 621.46 NOTE
r-devel-linux-x86_64-fedora-gcc 1.2.0 523.32 NOTE
r-devel-windows-ix86+x86_64 1.2.0 27.00 273.00 300.00 OK
r-patched-linux-x86_64 1.2.0 9.23 458.33 467.56 OK
r-patched-solaris-x86 1.2.0 304.60 OK
r-release-linux-x86_64 1.2.0 9.16 464.09 473.25 OK
r-release-windows-ix86+x86_64 1.2.0 39.00 274.00 313.00 OK
r-release-osx-x86_64 1.2.0 OK
r-oldrel-windows-ix86+x86_64 1.2.0 17.00 188.00 205.00 OK
r-oldrel-osx-x86_64 1.2.0 OK

Check Details

Version: 1.2.0
Check: compiled code
Result: NOTE
    File ‘vdg/libs/vdg.so’:
     Found no calls to: ‘R_registerRoutines’, ‘R_useDynamicSymbols’
    
    It is good practice to register native routines and to disable symbol
    search.
    
    See ‘Writing portable packages’ in the ‘Writing R Extensions’ manual.
Flavors: r-devel-linux-x86_64-fedora-clang, r-devel-linux-x86_64-fedora-gcc