CRAN Package Check Results for Package valr

Last updated on 2019-06-15 21:54:51 CEST.

Flavor Version Tinstall Tcheck Ttotal Status Flags
r-devel-linux-x86_64-debian-clang 0.5.0 122.60 105.70 228.30 OK
r-devel-linux-x86_64-debian-gcc 0.5.0 110.04 82.05 192.09 OK
r-devel-linux-x86_64-fedora-clang 0.5.0 305.93 NOTE
r-devel-linux-x86_64-fedora-gcc 0.5.0 283.66 OK
r-devel-windows-ix86+x86_64 0.5.0 367.00 313.00 680.00 OK
r-patched-linux-x86_64 0.5.0 124.57 101.97 226.54 OK
r-patched-solaris-x86 0.5.0 391.40 OK
r-release-linux-x86_64 0.5.0 131.55 104.24 235.79 OK
r-release-windows-ix86+x86_64 0.5.0 285.00 285.00 570.00 OK
r-release-osx-x86_64 0.5.0 NOTE
r-oldrel-windows-ix86+x86_64 0.5.0 260.00 266.00 526.00 OK
r-oldrel-osx-x86_64 0.5.0 NOTE

Check Details

Version: 0.5.0
Check: installed package size
Result: NOTE
     installed size is 8.4Mb
     sub-directories of 1Mb or more:
     libs 7.3Mb
Flavors: r-devel-linux-x86_64-fedora-clang, r-release-osx-x86_64, r-oldrel-osx-x86_64

Version: 0.5.0
Check: package dependencies
Result: NOTE
    Packages suggested but not available for checking:
     'GenomicRanges', 'IRanges', 'S4Vectors'
Flavor: r-release-osx-x86_64