CRAN Package Check Results for Package tufterhandout

Last updated on 2019-09-20 01:47:58 CEST.

Flavor Version Tinstall Tcheck Ttotal Status Flags
r-devel-linux-x86_64-debian-clang 1.2.1 2.40 27.64 30.04 NOTE
r-devel-linux-x86_64-debian-gcc 1.2.1 1.99 22.59 24.58 NOTE
r-devel-linux-x86_64-fedora-clang 1.2.1 38.32 NOTE
r-devel-linux-x86_64-fedora-gcc 1.2.1 38.19 NOTE
r-devel-windows-ix86+x86_64 1.2.1 11.00 42.00 53.00 NOTE
r-patched-linux-x86_64 1.2.1 2.15 27.76 29.91 NOTE
r-patched-solaris-x86 1.2.1 59.40 NOTE
r-release-linux-x86_64 1.2.1 2.00 27.81 29.81 NOTE
r-release-windows-ix86+x86_64 1.2.1 7.00 61.00 68.00 NOTE
r-release-osx-x86_64 1.2.1 NOTE
r-oldrel-windows-ix86+x86_64 1.2.1 4.00 46.00 50.00 NOTE
r-oldrel-osx-x86_64 1.2.1 NOTE

Check Details

Version: 1.2.1
Check: DESCRIPTION meta-information
Result: NOTE
    Malformed Description field: should contain one or more complete sentences.
Flavors: r-devel-linux-x86_64-debian-clang, r-devel-linux-x86_64-debian-gcc, r-devel-linux-x86_64-fedora-clang, r-devel-linux-x86_64-fedora-gcc, r-devel-windows-ix86+x86_64, r-patched-linux-x86_64, r-patched-solaris-x86, r-release-linux-x86_64, r-release-windows-ix86+x86_64, r-release-osx-x86_64, r-oldrel-windows-ix86+x86_64, r-oldrel-osx-x86_64