CRAN Package Check Results for Package tripack

Last updated on 2019-09-19 16:48:13 CEST.

Flavor Version Tinstall Tcheck Ttotal Status Flags
r-devel-linux-x86_64-debian-clang 1.3-8 6.44 28.41 34.85 OK
r-devel-linux-x86_64-debian-gcc 1.3-8 5.03 22.56 27.59 OK
r-devel-linux-x86_64-fedora-clang 1.3-8 44.37 NOTE
r-devel-linux-x86_64-fedora-gcc 1.3-8 45.07 NOTE
r-devel-windows-ix86+x86_64 1.3-8 32.00 49.00 81.00 OK
r-patched-linux-x86_64 1.3-8 5.90 27.99 33.89 OK
r-patched-solaris-x86 1.3-8 59.40 OK
r-release-linux-x86_64 1.3-8 6.24 28.62 34.86 OK
r-release-windows-ix86+x86_64 1.3-8 22.00 67.00 89.00 OK
r-release-osx-x86_64 1.3-8 OK
r-oldrel-windows-ix86+x86_64 1.3-8 20.00 44.00 64.00 OK
r-oldrel-osx-x86_64 1.3-8 OK

Additional issues

LTO

Check Details

Version: 1.3-8
Check: compiled code
Result: NOTE
    File ‘tripack/libs/tripack.so’:
     Found no call to: ‘R_useDynamicSymbols’
    
    It is good practice to register native routines and to disable symbol
    search.
    
    See ‘Writing portable packages’ in the ‘Writing R Extensions’ manual.
Flavors: r-devel-linux-x86_64-fedora-clang, r-devel-linux-x86_64-fedora-gcc