CRAN Package Check Results for Package topmodel

Last updated on 2018-01-22 14:46:59 CET.

Flavor Version Tinstall Tcheck Ttotal Status Flags
r-devel-linux-x86_64-debian-clang 0.7.2-2 4.11 17.27 21.38 WARN
r-devel-linux-x86_64-debian-gcc 0.7.2-2 3.53 14.74 18.27 WARN
r-devel-linux-x86_64-fedora-clang 0.7.2-2 26.45 WARN
r-devel-linux-x86_64-fedora-gcc 0.7.2-2 25.27 WARN
r-devel-windows-ix86+x86_64 0.7.2-2 30.00 35.00 65.00 NOTE
r-patched-linux-x86_64 0.7.2-2 3.84 16.92 20.76 NOTE
r-patched-solaris-x86 0.7.2-2 40.30 NOTE
r-release-linux-x86_64 0.7.2-2 3.69 16.90 20.59 NOTE
r-release-windows-ix86+x86_64 0.7.2-2 20.00 32.00 52.00 NOTE
r-release-osx-x86_64 0.7.2-2 NOTE
r-oldrel-windows-ix86+x86_64 0.7.2-2 15.00 30.00 45.00 NOTE
r-oldrel-osx-x86_64 0.7.2-2 NOTE

Check Details

Version: 0.7.2-2
Check: whether package can be installed
Result: WARN
    Found the following significant warnings:
     river.c:33:9: warning: incompatible pointer types assigning to 'int *' from 'double *' [-Wincompatible-pointer-types]
     river.c:34:9: warning: incompatible pointer types assigning to 'int *' from 'double *' [-Wincompatible-pointer-types]
Flavors: r-devel-linux-x86_64-debian-clang, r-devel-linux-x86_64-fedora-clang

Version: 0.7.2-2
Check: top-level files
Result: NOTE
    Non-standard file/directory found at top level:
     ‘doc’
Flavors: r-devel-linux-x86_64-debian-clang, r-devel-linux-x86_64-debian-gcc, r-devel-linux-x86_64-fedora-clang, r-devel-linux-x86_64-fedora-gcc, r-patched-linux-x86_64, r-release-linux-x86_64

Version: 0.7.2-2
Check: R code for possible problems
Result: NOTE
    flowlength: no visible global function definition for ‘is’
    river: no visible global function definition for ‘is’
    sinkfill: no visible global function definition for ‘is’
    subcatch: no visible global function definition for ‘is’
    topidx: no visible global function definition for ‘is’
    Undefined global functions or variables:
     is
    Consider adding
     importFrom("methods", "is")
    to your NAMESPACE file (and ensure that your DESCRIPTION Imports field
    contains 'methods').
Flavors: r-devel-linux-x86_64-debian-clang, r-devel-linux-x86_64-debian-gcc, r-devel-linux-x86_64-fedora-clang, r-devel-linux-x86_64-fedora-gcc, r-devel-windows-ix86+x86_64, r-patched-linux-x86_64, r-patched-solaris-x86, r-release-linux-x86_64, r-release-windows-ix86+x86_64, r-release-osx-x86_64, r-oldrel-windows-ix86+x86_64, r-oldrel-osx-x86_64

Version: 0.7.2-2
Check: compiled code
Result: NOTE
    File ‘topmodel/libs/topmodel.so’:
     Found no calls to: ‘R_registerRoutines’, ‘R_useDynamicSymbols’
    
    It is good practice to register native routines and to disable symbol
    search.
    
    See ‘Writing portable packages’ in the ‘Writing R Extensions’ manual.
Flavors: r-devel-linux-x86_64-debian-clang, r-devel-linux-x86_64-debian-gcc, r-devel-linux-x86_64-fedora-clang, r-devel-linux-x86_64-fedora-gcc, r-patched-linux-x86_64, r-release-linux-x86_64

Version: 0.7.2-2
Check: whether package can be installed
Result: WARN
    Found the following significant warnings:
     river.c:33:9: warning: assignment from incompatible pointer type [-Wincompatible-pointer-types]
     river.c:34:9: warning: assignment from incompatible pointer type [-Wincompatible-pointer-types]
Flavors: r-devel-linux-x86_64-debian-gcc, r-devel-linux-x86_64-fedora-gcc