CRAN Package Check Results for Package tokenizers

Last updated on 2019-07-16 07:51:09 CEST.

Flavor Version Tinstall Tcheck Ttotal Status Flags
r-devel-linux-x86_64-debian-clang 0.2.1 22.69 35.34 58.03 OK
r-devel-linux-x86_64-debian-gcc 0.2.1 18.79 29.00 47.79 OK
r-devel-linux-x86_64-fedora-clang 0.2.1 81.71 NOTE
r-devel-linux-x86_64-fedora-gcc 0.2.1 77.72 NOTE
r-devel-windows-ix86+x86_64 0.2.1 68.00 70.00 138.00 OK
r-patched-linux-x86_64 0.2.1 22.23 35.48 57.71 OK
r-patched-solaris-x86 0.2.1 109.30 NOTE
r-release-linux-x86_64 0.2.1 21.71 35.45 57.16 OK
r-release-windows-ix86+x86_64 0.2.1 71.00 113.00 184.00 OK
r-release-osx-x86_64 0.2.1 NOTE
r-oldrel-windows-ix86+x86_64 0.2.1 89.00 70.00 159.00 OK
r-oldrel-osx-x86_64 0.2.1 NOTE

Check Details

Version: 0.2.1
Check: data for non-ASCII characters
Result: NOTE
     Note: found 1 marked UTF-8 string
Flavors: r-devel-linux-x86_64-fedora-clang, r-devel-linux-x86_64-fedora-gcc, r-patched-solaris-x86, r-release-osx-x86_64, r-oldrel-osx-x86_64