CRAN Package Check Results for Package tokenizers

Last updated on 2019-05-22 06:47:54 CEST.

Flavor Version Tinstall Tcheck Ttotal Status Flags
r-devel-linux-x86_64-debian-clang 0.2.1 21.16 35.92 57.08 OK
r-devel-linux-x86_64-debian-gcc 0.2.1 17.31 28.87 46.18 OK
r-devel-linux-x86_64-fedora-clang 0.2.1 92.24 NOTE
r-devel-linux-x86_64-fedora-gcc 0.2.1 75.90 NOTE
r-devel-windows-ix86+x86_64 0.2.1 47.00 109.00 156.00 OK
r-patched-linux-x86_64 0.2.1 21.99 35.76 57.75 OK
r-patched-solaris-x86 0.2.1 101.70 NOTE
r-release-linux-x86_64 0.2.1 20.29 35.26 55.55 OK
r-release-windows-ix86+x86_64 0.2.1 64.00 102.00 166.00 OK
r-release-osx-x86_64 0.2.1 NOTE
r-oldrel-windows-ix86+x86_64 0.2.1 45.00 68.00 113.00 OK
r-oldrel-osx-x86_64 0.2.1 NOTE

Check Details

Version: 0.2.1
Check: data for non-ASCII characters
Result: NOTE
     Note: found 1 marked UTF-8 string
Flavors: r-devel-linux-x86_64-fedora-clang, r-devel-linux-x86_64-fedora-gcc, r-patched-solaris-x86, r-release-osx-x86_64, r-oldrel-osx-x86_64