CRAN Package Check Results for Package tnet

Last updated on 2020-01-22 13:49:21 CET.

Flavor Version Tinstall Tcheck Ttotal Status Flags
r-devel-linux-x86_64-debian-clang 3.0.14 8.02 86.83 94.85 NOTE
r-devel-linux-x86_64-debian-gcc 3.0.14 8.65 66.90 75.55 NOTE
r-devel-linux-x86_64-fedora-clang 3.0.14 115.62 NOTE
r-devel-linux-x86_64-fedora-gcc 3.0.14 114.56 NOTE
r-devel-windows-ix86+x86_64 3.0.14 23.00 100.00 123.00 OK
r-devel-windows-ix86+x86_64-gcc8 3.0.14 23.00 135.00 158.00 OK
r-patched-linux-x86_64 3.0.14 8.27 77.13 85.40 OK
r-patched-solaris-x86 3.0.14 149.30 OK
r-release-linux-x86_64 3.0.14 7.87 78.58 86.45 OK
r-release-windows-ix86+x86_64 3.0.14 14.00 122.00 136.00 OK
r-release-osx-x86_64 3.0.14 OK
r-oldrel-windows-ix86+x86_64 3.0.14 8.00 114.00 122.00 OK
r-oldrel-osx-x86_64 3.0.14 OK

Check Details

Version: 3.0.14
Check: for non-standard things in the check directory
Result: NOTE
    Found the following files/directories:
     'tnet_ucinet_network-2020-01-22_032632.dl'
Flavor: r-devel-linux-x86_64-debian-clang

Version: 3.0.14
Check: for non-standard things in the check directory
Result: NOTE
    Found the following files/directories:
     ‘tnet_ucinet_network-2020-01-22_120732.dl’
Flavor: r-devel-linux-x86_64-debian-gcc

Version: 3.0.14
Check: for non-standard things in the check directory
Result: NOTE
    Found the following files/directories:
     ‘tnet_ucinet_network-2020-01-19_013823.dl’
Flavor: r-devel-linux-x86_64-fedora-clang

Version: 3.0.14
Check: for non-standard things in the check directory
Result: NOTE
    Found the following files/directories:
     ‘tnet_ucinet_network-2020-01-20_054340.dl’
Flavor: r-devel-linux-x86_64-fedora-gcc