CRAN Package Check Results for Package tnet

Last updated on 2019-09-15 13:47:29 CEST.

Flavor Version Tinstall Tcheck Ttotal Status Flags
r-devel-linux-x86_64-debian-clang 3.0.14 8.27 81.24 89.51 NOTE
r-devel-linux-x86_64-debian-gcc 3.0.14 7.84 62.46 70.30 NOTE
r-devel-linux-x86_64-fedora-clang 3.0.14 105.79 NOTE
r-devel-linux-x86_64-fedora-gcc 3.0.14 104.51 NOTE
r-devel-windows-ix86+x86_64 3.0.14 23.00 93.00 116.00 OK
r-patched-linux-x86_64 3.0.14 7.70 78.76 86.46 OK
r-patched-solaris-x86 3.0.14 156.70 OK
r-release-linux-x86_64 3.0.14 8.15 78.14 86.29 OK
r-release-windows-ix86+x86_64 3.0.14 16.00 127.00 143.00 OK
r-release-osx-x86_64 3.0.14 OK
r-oldrel-windows-ix86+x86_64 3.0.14 14.00 85.00 99.00 OK
r-oldrel-osx-x86_64 3.0.14 OK

Check Details

Version: 3.0.14
Check: for non-standard things in the check directory
Result: NOTE
    Found the following files/directories:
     'tnet_ucinet_network-2019-09-13_015953.dl'
Flavor: r-devel-linux-x86_64-debian-clang

Version: 3.0.14
Check: for non-standard things in the check directory
Result: NOTE
    Found the following files/directories:
     ‘tnet_ucinet_network-2019-09-14_232143.dl’
Flavor: r-devel-linux-x86_64-debian-gcc

Version: 3.0.14
Check: for non-standard things in the check directory
Result: NOTE
    Found the following files/directories:
     ‘tnet_ucinet_network-2019-09-14_233322.dl’
Flavor: r-devel-linux-x86_64-fedora-clang

Version: 3.0.14
Check: for non-standard things in the check directory
Result: NOTE
    Found the following files/directories:
     ‘tnet_ucinet_network-2019-09-09_060412.dl’
Flavor: r-devel-linux-x86_64-fedora-gcc