CRAN Package Check Results for Package tmcn

Last updated on 2019-12-16 05:46:48 CET.

Flavor Version Tinstall Tcheck Ttotal Status Flags
r-devel-linux-x86_64-debian-clang 0.2-13 3.96 27.68 31.64 OK
r-devel-linux-x86_64-debian-gcc 0.2-13 2.62 19.47 22.09 OK
r-devel-linux-x86_64-fedora-clang 0.2-13 34.84 NOTE
r-devel-linux-x86_64-fedora-gcc 0.2-13 34.97 NOTE
r-devel-windows-ix86+x86_64 0.2-13 13.00 73.00 86.00 OK
r-devel-windows-ix86+x86_64-gcc8 0.2-13 13.00 79.00 92.00 OK
r-patched-linux-x86_64 0.2-13 3.01 22.56 25.57 OK
r-patched-solaris-x86 0.2-13 50.20 NOTE
r-release-linux-x86_64 0.2-13 2.85 22.54 25.39 OK
r-release-windows-ix86+x86_64 0.2-13 12.00 43.00 55.00 OK
r-release-osx-x86_64 0.2-13 NOTE
r-oldrel-windows-ix86+x86_64 0.2-13 10.00 47.00 57.00 OK
r-oldrel-osx-x86_64 0.2-13 NOTE

Check Details

Version: 0.2-13
Check: data for non-ASCII characters
Result: NOTE
     Note: found 134043 marked UTF-8 strings
Flavors: r-devel-linux-x86_64-fedora-clang, r-devel-linux-x86_64-fedora-gcc, r-patched-solaris-x86, r-release-osx-x86_64, r-oldrel-osx-x86_64