CRAN Package Check Results for Package tmcn

Last updated on 2019-08-21 15:47:12 CEST.

Flavor Version Tinstall Tcheck Ttotal Status Flags
r-devel-linux-x86_64-debian-clang 0.2-13 3.81 26.92 30.73 OK
r-devel-linux-x86_64-debian-gcc 0.2-13 OK
r-devel-linux-x86_64-fedora-clang 0.2-13 32.73 NOTE
r-devel-linux-x86_64-fedora-gcc 0.2-13 31.60 NOTE
r-devel-windows-ix86+x86_64 0.2-13 17.00 47.00 64.00 OK
r-patched-linux-x86_64 0.2-13 2.94 22.81 25.75 OK
r-patched-solaris-x86 0.2-13 51.20 NOTE
r-release-linux-x86_64 0.2-13 2.92 23.27 26.19 OK
r-release-windows-ix86+x86_64 0.2-13 13.00 50.00 63.00 OK
r-release-osx-x86_64 0.2-13 NOTE
r-oldrel-windows-ix86+x86_64 0.2-13 13.00 55.00 68.00 OK
r-oldrel-osx-x86_64 0.2-13 NOTE

Check Details

Version: 0.2-13
Check: data for non-ASCII characters
Result: NOTE
     Note: found 134043 marked UTF-8 strings
Flavors: r-devel-linux-x86_64-fedora-clang, r-devel-linux-x86_64-fedora-gcc, r-patched-solaris-x86, r-release-osx-x86_64, r-oldrel-osx-x86_64