CRAN Package Check Results for Package tm

Last updated on 2019-08-19 11:49:16 CEST.

Flavor Version Tinstall Tcheck Ttotal Status Flags
r-devel-linux-x86_64-debian-clang 0.7-6 24.39 53.00 77.39 NOTE
r-devel-linux-x86_64-debian-gcc 0.7-6 21.41 42.85 64.26 NOTE
r-devel-linux-x86_64-fedora-clang 0.7-6 107.70 NOTE
r-devel-linux-x86_64-fedora-gcc 0.7-6 104.05 NOTE
r-devel-windows-ix86+x86_64 0.7-6 86.00 113.00 199.00 NOTE
r-patched-linux-x86_64 0.7-6 23.77 52.18 75.95 NOTE
r-patched-solaris-x86 0.7-6 139.10 NOTE
r-release-linux-x86_64 0.7-6 24.76 53.04 77.80 NOTE
r-release-windows-ix86+x86_64 0.7-6 67.00 107.00 174.00 NOTE
r-release-osx-x86_64 0.7-6 NOTE
r-oldrel-windows-ix86+x86_64 0.7-6 150.00 142.00 292.00 NOTE
r-oldrel-osx-x86_64 0.7-6 NOTE

Check Details

Version: 0.7-6
Check: package dependencies
Result: NOTE
    Packages suggested but not available for checking:
     'Rcampdf', 'tm.lexicon.GeneralInquirer'
Flavors: r-devel-linux-x86_64-debian-clang, r-devel-linux-x86_64-debian-gcc, r-devel-linux-x86_64-fedora-clang, r-devel-linux-x86_64-fedora-gcc, r-patched-linux-x86_64, r-patched-solaris-x86, r-release-linux-x86_64

Version: 0.7-6
Check: package dependencies
Result: NOTE
    Packages suggested but not available for checking:
     'Rcampdf', 'Rpoppler', 'tm.lexicon.GeneralInquirer'
Flavors: r-devel-windows-ix86+x86_64, r-release-windows-ix86+x86_64

Version: 0.7-6
Check: Rd cross-references
Result: NOTE
    Package unavailable to check Rd xrefs: 'Rpoppler'
Flavors: r-devel-windows-ix86+x86_64, r-release-windows-ix86+x86_64, r-oldrel-windows-ix86+x86_64, r-oldrel-osx-x86_64

Version: 0.7-6
Check: package dependencies
Result: NOTE
    Packages suggested but not available for checking:
     'Rcampdf', 'Rgraphviz', 'Rpoppler', 'tm.lexicon.GeneralInquirer'
Flavor: r-release-osx-x86_64

Version: 0.7-6
Check: Rd cross-references
Result: NOTE
    Packages unavailable to check Rd xrefs: ‘graph’, ‘Rpoppler’
Flavor: r-release-osx-x86_64

Version: 0.7-6
Check: package dependencies
Result: NOTE
    Packages suggested but not available for checking:
     'Rcampdf' 'Rpoppler' 'tm.lexicon.GeneralInquirer'
Flavors: r-oldrel-windows-ix86+x86_64, r-oldrel-osx-x86_64