CRAN Package Check Results for Package tidyrules

Last updated on 2019-09-15 13:47:28 CEST.

Flavor Version Tinstall Tcheck Ttotal Status Flags
r-devel-linux-x86_64-debian-clang 0.1.0 5.63 68.72 74.35 NOTE
r-devel-linux-x86_64-debian-gcc 0.1.0 4.36 54.86 59.22 NOTE
r-devel-linux-x86_64-fedora-clang 0.1.0 89.06 OK
r-devel-linux-x86_64-fedora-gcc 0.1.0 88.56 OK
r-devel-windows-ix86+x86_64 0.1.0 20.00 118.00 138.00 NOTE
r-patched-linux-x86_64 0.1.0 4.67 68.20 72.87 OK
r-patched-solaris-x86 0.1.0 144.10 OK
r-release-linux-x86_64 0.1.0 4.55 69.39 73.94 OK
r-release-windows-ix86+x86_64 0.1.0 10.00 111.00 121.00 OK
r-release-osx-x86_64 0.1.0 OK
r-oldrel-osx-x86_64 0.1.0 ERROR

Check Details

Version: 0.1.0
Check: package vignettes
Result: NOTE
    Package vignette with placeholder title 'Vignette Title':
     'tidyrules_vignette.Rmd'
Flavors: r-devel-linux-x86_64-debian-clang, r-devel-linux-x86_64-debian-gcc, r-devel-windows-ix86+x86_64

Version: 0.1.0
Check: whether package can be installed
Result: ERROR
    Installation failed.
Flavor: r-oldrel-osx-x86_64