CRAN Package Check Results for Package theseus

Last updated on 2019-09-19 14:47:00 CEST.

Flavor Version Tinstall Tcheck Ttotal Status Flags
r-devel-linux-x86_64-debian-clang 0.1.0 20.90 300.32 321.22 NOTE
r-devel-linux-x86_64-debian-gcc 0.1.0 20.50 230.05 250.55 NOTE
r-devel-linux-x86_64-fedora-clang 0.1.0 263.14 NOTE
r-devel-linux-x86_64-fedora-gcc 0.1.0 244.90 NOTE
r-devel-windows-ix86+x86_64 0.1.0 67.00 374.00 441.00 OK
r-patched-linux-x86_64 0.1.0 20.15 280.76 300.91 NOTE
r-patched-solaris-x86 0.1.0 519.90 NOTE
r-release-linux-x86_64 0.1.0 21.75 285.57 307.32 NOTE
r-release-windows-ix86+x86_64 0.1.0 43.00 386.00 429.00 OK
r-release-osx-x86_64 0.1.0 ERROR
r-oldrel-windows-ix86+x86_64 0.1.0 26.00 269.00 295.00 OK
r-oldrel-osx-x86_64 0.1.0 ERROR

Check Details

Version: 0.1.0
Check: Rd cross-references
Result: NOTE
    Package unavailable to check Rd xrefs: 'dada2'
Flavors: r-devel-linux-x86_64-debian-clang, r-devel-linux-x86_64-debian-gcc, r-devel-linux-x86_64-fedora-clang, r-devel-linux-x86_64-fedora-gcc, r-patched-linux-x86_64, r-patched-solaris-x86, r-release-linux-x86_64

Version: 0.1.0
Check: dependencies in R code
Result: NOTE
    Namespaces in Imports field not imported from:
     ‘gridExtra’ ‘splancs’ ‘tidyverse’
     All declared Imports should be used.
Flavors: r-devel-linux-x86_64-fedora-clang, r-devel-linux-x86_64-fedora-gcc, r-patched-solaris-x86

Version: 0.1.0
Check: package dependencies
Result: ERROR
    Packages required but not available: 'phyloseq', 'ShortRead'
    
    See section ‘The DESCRIPTION file’ in the ‘Writing R Extensions’
    manual.
Flavor: r-release-osx-x86_64

Version: 0.1.0
Check: package dependencies
Result: ERROR
    Package required but not available: ‘ShortRead’
    
    See section ‘The DESCRIPTION file’ in the ‘Writing R Extensions’
    manual.
Flavor: r-oldrel-osx-x86_64