CRAN Package Check Results for Package testthat

Last updated on 2019-12-16 05:46:47 CET.

Flavor Version Tinstall Tcheck Ttotal Status Flags
r-devel-linux-x86_64-debian-clang 2.3.1 39.37 136.85 176.22 OK
r-devel-linux-x86_64-debian-gcc 2.3.1 35.48 109.30 144.78 OK
r-devel-linux-x86_64-fedora-clang 2.3.1 221.56 NOTE
r-devel-linux-x86_64-fedora-gcc 2.3.1 235.33 OK
r-devel-windows-ix86+x86_64 2.3.1 89.00 119.00 208.00 OK
r-devel-windows-ix86+x86_64-gcc8 2.3.1 78.00 98.00 176.00 OK
r-patched-linux-x86_64 2.3.1 36.26 125.32 161.58 OK
r-patched-solaris-x86 2.3.1 107.10 OK
r-release-linux-x86_64 2.3.1 34.58 125.69 160.27 OK
r-release-windows-ix86+x86_64 2.3.1 62.00 94.00 156.00 OK
r-release-osx-x86_64 2.3.1 NOTE
r-oldrel-windows-ix86+x86_64 2.3.1 61.00 94.00 155.00 OK
r-oldrel-osx-x86_64 2.3.1 NOTE

Check Details

Version: 2.3.1
Check: installed package size
Result: NOTE
     installed size is 6.4Mb
     sub-directories of 1Mb or more:
     libs 4.9Mb
Flavors: r-devel-linux-x86_64-fedora-clang, r-release-osx-x86_64, r-oldrel-osx-x86_64