CRAN Package Check Results for Package tclust

Last updated on 2017-12-15 06:47:21 CET.

Flavor Version Tinstall Tcheck Ttotal Status Flags
r-devel-linux-x86_64-debian-clang 1.3-1 12.74 24.59 37.33 FAIL
r-devel-linux-x86_64-debian-gcc 1.3-1 10.56 60.91 71.47 OK
r-devel-linux-x86_64-fedora-clang 1.3-1 111.65 OK
r-devel-linux-x86_64-fedora-gcc 1.3-1 108.08 OK
r-devel-windows-ix86+x86_64 1.3-1 47.00 176.00 223.00 OK
r-patched-linux-x86_64 1.3-1 11.90 76.74 88.64 OK
r-patched-solaris-x86 1.3-1 140.70 OK
r-release-linux-x86_64 1.3-1 11.98 76.70 88.68 OK
r-release-windows-ix86+x86_64 1.3-1 33.00 130.00 163.00 OK
r-release-osx-x86_64 1.3-1 OK
r-oldrel-windows-ix86+x86_64 1.3-1 42.00 150.00 192.00 OK
r-oldrel-osx-x86_64 1.3-1 OK

Additional issues

valgrind

Check Details

Version: 1.3-1
Check: pragmas in C/C++ headers and code
Result: FAIL
    
Flavor: r-devel-linux-x86_64-debian-clang