CRAN Package Check Results for Package tbdiag

Last updated on 2019-09-19 16:48:12 CEST.

Flavor Version Tinstall Tcheck Ttotal Status Flags
r-devel-linux-x86_64-debian-clang 0.1 2.03 17.43 19.46 NOTE
r-devel-linux-x86_64-debian-gcc 0.1 1.73 15.18 16.91 NOTE
r-devel-linux-x86_64-fedora-clang 0.1 25.22 NOTE
r-devel-linux-x86_64-fedora-gcc 0.1 24.56 NOTE
r-devel-windows-ix86+x86_64 0.1 7.00 29.00 36.00 OK
r-patched-linux-x86_64 0.1 1.60 17.67 19.27 NOTE
r-patched-solaris-x86 0.1 36.90 NOTE
r-release-linux-x86_64 0.1 1.78 17.78 19.56 NOTE
r-release-windows-ix86+x86_64 0.1 5.00 44.00 49.00 OK
r-release-osx-x86_64 0.1 NOTE
r-oldrel-windows-ix86+x86_64 0.1 3.00 31.00 34.00 OK
r-oldrel-osx-x86_64 0.1 NOTE

Check Details

Version: 0.1
Check: DESCRIPTION meta-information
Result: NOTE
    License components which are templates and need '+ file LICENSE':
     MIT
Flavors: r-devel-linux-x86_64-debian-clang, r-devel-linux-x86_64-debian-gcc, r-devel-linux-x86_64-fedora-clang, r-devel-linux-x86_64-fedora-gcc, r-patched-linux-x86_64, r-patched-solaris-x86, r-release-linux-x86_64, r-release-osx-x86_64, r-oldrel-osx-x86_64