CRAN Package Check Results for Package tab

Last updated on 2019-09-19 10:48:05 CEST.

Flavor Version Tinstall Tcheck Ttotal Status Flags
r-devel-linux-x86_64-debian-clang 4.1.1 12.53 93.34 105.87 OK
r-devel-linux-x86_64-debian-gcc 4.1.1 9.58 71.49 81.07 OK
r-devel-linux-x86_64-fedora-clang 4.1.1 127.89 NOTE
r-devel-linux-x86_64-fedora-gcc 4.1.1 126.23 NOTE
r-devel-windows-ix86+x86_64 4.1.1 35.00 97.00 132.00 OK
r-patched-linux-x86_64 4.1.1 10.85 88.67 99.52 OK
r-patched-solaris-x86 4.1.1 177.00 NOTE
r-release-linux-x86_64 4.1.1 11.21 89.46 100.67 OK
r-release-windows-ix86+x86_64 4.1.1 23.00 138.00 161.00 OK
r-release-osx-x86_64 4.1.1 NOTE
r-oldrel-windows-ix86+x86_64 4.1.1 14.00 93.00 107.00 OK
r-oldrel-osx-x86_64 4.1.1 NOTE

Check Details

Version: 4.1.1
Check: dependencies in R code
Result: NOTE
    Namespaces in Imports field not imported from:
     ‘gee’ ‘survival’
     All declared Imports should be used.
Flavors: r-devel-linux-x86_64-fedora-clang, r-devel-linux-x86_64-fedora-gcc, r-patched-solaris-x86, r-release-osx-x86_64, r-oldrel-osx-x86_64