CRAN Package Check Results for Package sylcount

Last updated on 2019-12-16 05:46:47 CET.

Flavor Version Tinstall Tcheck Ttotal Status Flags
r-devel-linux-x86_64-debian-clang 0.2-1 8.57 21.17 29.74 OK
r-devel-linux-x86_64-debian-gcc 0.2-1 4.95 17.23 22.18 OK
r-devel-linux-x86_64-fedora-clang 0.2-1 37.97 NOTE
r-devel-linux-x86_64-fedora-gcc 0.2-1 35.98 OK
r-devel-windows-ix86+x86_64 0.2-1 28.00 157.00 185.00 NOTE
r-devel-windows-ix86+x86_64-gcc8 0.2-1 20.00 155.00 175.00 NOTE
r-patched-linux-x86_64 0.2-1 5.57 19.83 25.40 OK
r-patched-solaris-x86 0.2-1 91.40 OK
r-release-linux-x86_64 0.2-1 5.82 19.82 25.64 OK
r-release-windows-ix86+x86_64 0.2-1 27.00 157.00 184.00 NOTE
r-release-osx-x86_64 0.2-1 OK
r-oldrel-windows-ix86+x86_64 0.2-1 35.00 139.00 174.00 NOTE
r-oldrel-osx-x86_64 0.2-1 OK

Additional issues

LTO

Check Details

Version: 0.2-1
Check: installed package size
Result: NOTE
     installed size is 6.9Mb
     sub-directories of 1Mb or more:
     libs 6.8Mb
Flavors: r-devel-linux-x86_64-fedora-clang, r-devel-windows-ix86+x86_64, r-devel-windows-ix86+x86_64-gcc8, r-release-windows-ix86+x86_64, r-oldrel-windows-ix86+x86_64