CRAN Package Check Results for Package sylcount

Last updated on 2019-08-19 01:47:03 CEST.

Flavor Version Tinstall Tcheck Ttotal Status Flags
r-devel-linux-x86_64-debian-clang 0.2-1 7.00 20.34 27.34 OK
r-devel-linux-x86_64-debian-gcc 0.2-1 5.14 16.66 21.80 OK
r-devel-linux-x86_64-fedora-clang 0.2-1 35.38 NOTE
r-devel-linux-x86_64-fedora-gcc 0.2-1 34.74 OK
r-devel-windows-ix86+x86_64 0.2-1 38.00 123.00 161.00 NOTE
r-patched-linux-x86_64 0.2-1 6.19 20.36 26.55 OK
r-patched-solaris-x86 0.2-1 97.70 OK
r-release-linux-x86_64 0.2-1 5.63 20.42 26.05 OK
r-release-windows-ix86+x86_64 0.2-1 27.00 157.00 184.00 NOTE
r-release-osx-x86_64 0.2-1 OK
r-oldrel-windows-ix86+x86_64 0.2-1 35.00 139.00 174.00 NOTE
r-oldrel-osx-x86_64 0.2-1 OK

Additional issues

LTO

Check Details

Version: 0.2-1
Check: installed package size
Result: NOTE
     installed size is 6.9Mb
     sub-directories of 1Mb or more:
     libs 6.8Mb
Flavors: r-devel-linux-x86_64-fedora-clang, r-devel-windows-ix86+x86_64, r-release-windows-ix86+x86_64, r-oldrel-windows-ix86+x86_64