CRAN Package Check Results for Package sybilccFBA

Last updated on 2019-10-20 20:48:37 CEST.

Flavor Version Tinstall Tcheck Ttotal Status Flags
r-devel-linux-x86_64-debian-clang 3.0.0 12.95 81.31 94.26 NOTE
r-devel-linux-x86_64-debian-gcc 3.0.0 12.62 64.29 76.91 NOTE
r-devel-linux-x86_64-fedora-clang 3.0.0 116.87 NOTE
r-devel-linux-x86_64-fedora-gcc 3.0.0 118.74 NOTE
r-devel-windows-ix86+x86_64 3.0.0 24.00 122.00 146.00 NOTE
r-patched-linux-x86_64 3.0.0 15.97 79.14 95.11 OK
r-patched-solaris-x86 3.0.0 171.40 NOTE
r-release-linux-x86_64 3.0.0 13.54 81.49 95.03 OK
r-release-windows-ix86+x86_64 3.0.0 32.00 132.00 164.00 NOTE
r-release-osx-x86_64 3.0.0 NOTE
r-oldrel-windows-ix86+x86_64 3.0.0 14.00 81.00 95.00 NOTE
r-oldrel-osx-x86_64 3.0.0 NOTE

Check Details

Version: 3.0.0
Check: for non-standard things in the check directory
Result: NOTE
    Found the following files/directories:
     'moment_20191018_0205.lp'
Flavor: r-devel-linux-x86_64-debian-clang

Version: 3.0.0
Check: for non-standard things in the check directory
Result: NOTE
    Found the following files/directories:
     ‘moment_20191019_2312.lp’ ‘moment_20191019_2313.lp’
Flavor: r-devel-linux-x86_64-debian-gcc

Version: 3.0.0
Check: package dependencies
Result: NOTE
    Package suggested but not available for checking: ‘cplexAPI’
Flavors: r-devel-linux-x86_64-fedora-clang, r-devel-linux-x86_64-fedora-gcc, r-devel-windows-ix86+x86_64, r-patched-solaris-x86, r-release-windows-ix86+x86_64, r-release-osx-x86_64, r-oldrel-windows-ix86+x86_64, r-oldrel-osx-x86_64

Version: 3.0.0
Check: installed package size
Result: NOTE
     installed size is 5.2Mb
     sub-directories of 1Mb or more:
     extdata 4.2Mb
Flavors: r-devel-linux-x86_64-fedora-clang, r-devel-windows-ix86+x86_64, r-patched-solaris-x86, r-release-windows-ix86+x86_64, r-release-osx-x86_64, r-oldrel-windows-ix86+x86_64, r-oldrel-osx-x86_64

Version: 3.0.0
Check: data for non-ASCII characters
Result: NOTE
     Note: found 1 marked UTF-8 string
Flavors: r-devel-linux-x86_64-fedora-clang, r-devel-linux-x86_64-fedora-gcc, r-patched-solaris-x86, r-release-osx-x86_64, r-oldrel-osx-x86_64

Version: 3.0.0
Check: for non-standard things in the check directory
Result: NOTE
    Found the following files/directories:
     ‘moment_20191019_2322.lp’
Flavor: r-devel-linux-x86_64-fedora-clang

Version: 3.0.0
Check: for non-standard things in the check directory
Result: NOTE
    Found the following files/directories:
     ‘moment_20191014_1026.lp’
Flavor: r-devel-linux-x86_64-fedora-gcc