CRAN Package Check Results for Package survminer

Last updated on 2019-09-15 19:49:16 CEST.

Flavor Version Tinstall Tcheck Ttotal Status Flags
r-devel-linux-x86_64-debian-clang 0.4.6 13.42 194.10 207.52 OK
r-devel-linux-x86_64-debian-gcc 0.4.6 11.13 147.56 158.69 OK
r-devel-linux-x86_64-fedora-clang 0.4.6 235.76 NOTE
r-devel-linux-x86_64-fedora-gcc 0.4.6 235.14 OK
r-devel-windows-ix86+x86_64 0.4.6 54.00 242.00 296.00 NOTE
r-patched-linux-x86_64 0.4.6 12.21 189.59 201.80 OK
r-patched-solaris-x86 0.4.6 293.90 NOTE
r-release-linux-x86_64 0.4.6 12.28 188.78 201.06 OK
r-release-windows-ix86+x86_64 0.4.6 26.00 263.00 289.00 NOTE
r-release-osx-x86_64 0.4.6 NOTE
r-oldrel-windows-ix86+x86_64 0.4.6 24.00 276.00 300.00 NOTE
r-oldrel-osx-x86_64 0.4.6 NOTE

Check Details

Version: 0.4.6
Check: installed package size
Result: NOTE
     installed size is 5.6Mb
     sub-directories of 1Mb or more:
     doc 5.1Mb
Flavors: r-devel-linux-x86_64-fedora-clang, r-devel-windows-ix86+x86_64, r-patched-solaris-x86, r-release-windows-ix86+x86_64, r-release-osx-x86_64, r-oldrel-windows-ix86+x86_64, r-oldrel-osx-x86_64