CRAN Package Check Results for Package survminer

Last updated on 2020-01-22 14:48:55 CET.

Flavor Version Tinstall Tcheck Ttotal Status Flags
r-devel-linux-x86_64-debian-clang 0.4.6 15.89 213.81 229.70 OK
r-devel-linux-x86_64-debian-gcc 0.4.6 13.35 158.15 171.50 OK
r-devel-linux-x86_64-fedora-clang 0.4.6 261.47 NOTE
r-devel-linux-x86_64-fedora-gcc 0.4.6 260.14 OK
r-devel-windows-ix86+x86_64 0.4.6 42.00 278.00 320.00 NOTE
r-devel-windows-ix86+x86_64-gcc8 0.4.6 40.00 195.00 235.00 NOTE
r-patched-linux-x86_64 0.4.6 11.83 188.89 200.72 OK
r-patched-solaris-x86 0.4.6 327.00 NOTE
r-release-linux-x86_64 0.4.6 11.89 192.18 204.07 OK
r-release-windows-ix86+x86_64 0.4.6 24.00 259.00 283.00 NOTE
r-release-osx-x86_64 0.4.6 NOTE
r-oldrel-windows-ix86+x86_64 0.4.6 17.00 170.00 187.00 NOTE
r-oldrel-osx-x86_64 0.4.6 NOTE

Check Details

Version: 0.4.6
Check: installed package size
Result: NOTE
     installed size is 5.6Mb
     sub-directories of 1Mb or more:
     doc 5.1Mb
Flavors: r-devel-linux-x86_64-fedora-clang, r-devel-windows-ix86+x86_64, r-devel-windows-ix86+x86_64-gcc8, r-patched-solaris-x86, r-release-windows-ix86+x86_64, r-release-osx-x86_64, r-oldrel-windows-ix86+x86_64, r-oldrel-osx-x86_64