CRAN Package Check Results for Package survivALL

Last updated on 2020-01-22 13:49:20 CET.

Flavor Version Tinstall Tcheck Ttotal Status Flags
r-devel-linux-x86_64-debian-clang 0.9.3 2.77 144.31 147.08 OK
r-devel-linux-x86_64-debian-gcc 0.9.3 2.51 108.61 111.12 OK
r-devel-linux-x86_64-fedora-clang 0.9.3 172.68 NOTE
r-devel-linux-x86_64-fedora-gcc 0.9.3 172.21 NOTE
r-devel-windows-ix86+x86_64 0.9.3 12.00 202.00 214.00 OK
r-devel-windows-ix86+x86_64-gcc8 0.9.3 15.00 139.00 154.00 OK
r-patched-linux-x86_64 0.9.3 2.53 130.61 133.14 OK
r-patched-solaris-x86 0.9.3 198.60 NOTE
r-release-linux-x86_64 0.9.3 2.27 131.71 133.98 OK
r-release-windows-ix86+x86_64 0.9.3 5.00 188.00 193.00 OK
r-release-osx-x86_64 0.9.3 NOTE
r-oldrel-windows-ix86+x86_64 0.9.3 4.00 124.00 128.00 OK
r-oldrel-osx-x86_64 0.9.3 NOTE

Check Details

Version: 0.9.3
Check: dependencies in R code
Result: NOTE
    Namespace in Imports field not imported from: ‘cowplot’
     All declared Imports should be used.
Flavors: r-devel-linux-x86_64-fedora-clang, r-devel-linux-x86_64-fedora-gcc, r-patched-solaris-x86, r-release-osx-x86_64, r-oldrel-osx-x86_64