CRAN Package Check Results for Package suropt

Last updated on 2019-07-16 07:51:07 CEST.

Flavor Version Tinstall Tcheck Ttotal Status Flags
r-devel-linux-x86_64-debian-clang 0.1.1 9.74 69.40 79.14 OK
r-devel-linux-x86_64-debian-gcc 0.1.1 7.98 55.31 63.29 OK
r-devel-linux-x86_64-fedora-clang 0.1.1 94.94 NOTE
r-devel-linux-x86_64-fedora-gcc 0.1.1 88.88 NOTE
r-devel-windows-ix86+x86_64 0.1.1 30.00 83.00 113.00 OK
r-patched-linux-x86_64 0.1.1 8.46 69.25 77.71 OK
r-patched-solaris-x86 0.1.1 150.90 NOTE
r-release-linux-x86_64 0.1.1 9.02 69.34 78.36 OK
r-release-windows-ix86+x86_64 0.1.1 22.00 125.00 147.00 OK
r-release-osx-x86_64 0.1.1 WARN
r-oldrel-windows-ix86+x86_64 0.1.1 16.00 108.00 124.00 OK
r-oldrel-osx-x86_64 0.1.1 NOTE

Check Details

Version: 0.1.1
Check: dependencies in R code
Result: NOTE
    Namespaces in Imports field not imported from:
     ‘DiceOptim’ ‘GPareto’ ‘rgenoud’
     All declared Imports should be used.
Flavors: r-devel-linux-x86_64-fedora-clang, r-devel-linux-x86_64-fedora-gcc, r-patched-solaris-x86, r-release-osx-x86_64, r-oldrel-osx-x86_64

Version: 0.1.1
Check: whether package can be installed
Result: WARN
    Found the following significant warnings:
     Warning: 'rgl_init' failed, running with rgl.useNULL = TRUE
Flavor: r-release-osx-x86_64