CRAN Package Check Results for Package suropt

Last updated on 2019-09-17 22:48:20 CEST.

Flavor Version Tinstall Tcheck Ttotal Status Flags
r-devel-linux-x86_64-debian-clang 0.1.1 8.58 68.03 76.61 OK
r-devel-linux-x86_64-debian-gcc 0.1.1 8.15 54.43 62.58 OK
r-devel-linux-x86_64-fedora-clang 0.1.1 93.36 NOTE
r-devel-linux-x86_64-fedora-gcc 0.1.1 93.21 NOTE
r-devel-windows-ix86+x86_64 0.1.1 32.00 83.00 115.00 OK
r-patched-linux-x86_64 0.1.1 10.14 67.56 77.70 OK
r-patched-solaris-x86 0.1.1 148.10 NOTE
r-release-linux-x86_64 0.1.1 9.03 67.24 76.27 OK
r-release-windows-ix86+x86_64 0.1.1 21.00 122.00 143.00 OK
r-release-osx-x86_64 0.1.1 WARN
r-oldrel-windows-ix86+x86_64 0.1.1 16.00 129.00 145.00 OK
r-oldrel-osx-x86_64 0.1.1 NOTE

Check Details

Version: 0.1.1
Check: dependencies in R code
Result: NOTE
    Namespaces in Imports field not imported from:
     ‘DiceOptim’ ‘GPareto’ ‘rgenoud’
     All declared Imports should be used.
Flavors: r-devel-linux-x86_64-fedora-clang, r-devel-linux-x86_64-fedora-gcc, r-patched-solaris-x86, r-release-osx-x86_64, r-oldrel-osx-x86_64

Version: 0.1.1
Check: whether package can be installed
Result: WARN
    Found the following significant warnings:
     Warning: 'rgl_init' failed, running with rgl.useNULL = TRUE
Flavor: r-release-osx-x86_64