CRAN Package Check Results for Package subspaceMOA

Last updated on 2019-01-22 06:47:15 CET.

Flavor Version Tinstall Tcheck Ttotal Status Flags
r-devel-linux-x86_64-debian-clang 0.6.0 7.44 103.95 111.39 OK
r-devel-linux-x86_64-debian-gcc 0.6.0 5.29 80.65 85.94 OK
r-devel-linux-x86_64-fedora-clang 0.6.0 134.82 NOTE
r-devel-linux-x86_64-fedora-gcc 0.6.0 139.08 NOTE
r-devel-windows-ix86+x86_64 0.6.0 24.00 110.00 134.00 OK
r-patched-linux-x86_64 0.6.0 8.85 98.76 107.61 OK
r-patched-solaris-x86 0.6.0 171.40 ERROR
r-release-linux-x86_64 0.6.0 7.81 98.70 106.51 OK
r-release-windows-ix86+x86_64 0.6.0 22.00 147.00 169.00 OK
r-release-osx-x86_64 0.6.0 NOTE
r-oldrel-windows-ix86+x86_64 0.6.0 25.00 110.00 135.00 OK
r-oldrel-osx-x86_64 0.6.0 NOTE

Check Details

Version: 0.6.0
Check: dependencies in R code
Result: NOTE
    Namespace in Imports field not imported from: ‘fields’
     All declared Imports should be used.
Flavors: r-devel-linux-x86_64-fedora-clang, r-devel-linux-x86_64-fedora-gcc, r-patched-solaris-x86, r-release-osx-x86_64, r-oldrel-osx-x86_64

Version: 0.6.0
Check: examples
Result: ERROR
    Running examples in ‘subspaceMOA-Ex.R’ failed
    The error most likely occurred in:
    
    > ### Name: DSC_HDDStream
    > ### Title: Density-based Projected Clustering over High-Dimensional Data
    > ### Aliases: DSC_HDDStream
    >
    > ### ** Examples
    >
    > dsc <- DSC_HDDStream()
    Error in rJava::.jcall("moa/r_interface/OneStageClusterer", returnSig = "Lmoa/r_interface/RCompatibleDataStreamClusterer;", :
     RcallMethod: cannot determine object class
    Calls: DSC_HDDStream -> <Anonymous>
    Execution halted
Flavor: r-patched-solaris-x86