CRAN Package Check Results for Package stream

Last updated on 2018-05-21 00:50:24 CEST.

Flavor Version Tinstall Tcheck Ttotal Status Flags
r-devel-linux-x86_64-debian-clang 1.2-4 52.10 133.24 185.34 OK
r-devel-linux-x86_64-debian-gcc 1.2-4 42.53 113.88 156.41 OK
r-devel-linux-x86_64-fedora-clang 1.2-4 264.57 NOTE
r-devel-linux-x86_64-fedora-gcc 1.2-4 248.26 NOTE
r-devel-windows-ix86+x86_64 1.2-4 135.00 310.00 445.00 OK
r-patched-linux-x86_64 1.2-4 53.25 134.67 187.92 OK
r-patched-solaris-x86 1.2-4 285.50 OK
r-release-linux-x86_64 1.2-4 54.71 132.22 186.93 OK
r-release-windows-ix86+x86_64 1.2-4 84.00 211.00 295.00 OK
r-release-osx-x86_64 1.2-4 NOTE
r-oldrel-windows-ix86+x86_64 1.2-4 90.00 249.00 339.00 OK
r-oldrel-osx-x86_64 1.2-4 NOTE

Check Details

Version: 1.2-4
Check: installed package size
Result: NOTE
     installed size is 7.0Mb
     sub-directories of 1Mb or more:
     doc 1.6Mb
     libs 4.7Mb
Flavors: r-devel-linux-x86_64-fedora-clang, r-devel-linux-x86_64-fedora-gcc, r-release-osx-x86_64, r-oldrel-osx-x86_64