CRAN Package Check Results for Package stream

Last updated on 2018-02-19 23:50:34 CET.

Flavor Version Tinstall Tcheck Ttotal Status Flags
r-devel-linux-x86_64-debian-clang 1.2-4 46.22 119.41 165.63 OK
r-devel-linux-x86_64-debian-gcc 1.2-4 39.74 104.32 144.06 OK
r-devel-linux-x86_64-fedora-clang 1.2-4 244.62 NOTE
r-devel-linux-x86_64-fedora-gcc 1.2-4 226.04 NOTE
r-devel-windows-ix86+x86_64 1.2-4 90.00 211.00 301.00 OK
r-patched-linux-x86_64 1.2-4 44.22 144.38 188.60 OK
r-patched-solaris-x86 1.2-4 265.40 OK
r-release-linux-x86_64 1.2-4 43.85 143.76 187.61 OK
r-release-windows-ix86+x86_64 1.2-4 116.00 299.00 415.00 OK
r-release-osx-x86_64 1.2-4 NOTE
r-oldrel-windows-ix86+x86_64 1.2-4 115.00 250.00 365.00 OK
r-oldrel-osx-x86_64 1.2-4 NOTE

Check Details

Version: 1.2-4
Check: installed package size
Result: NOTE
     installed size is 7.0Mb
     sub-directories of 1Mb or more:
     doc 1.6Mb
     libs 4.7Mb
Flavors: r-devel-linux-x86_64-fedora-clang, r-devel-linux-x86_64-fedora-gcc, r-release-osx-x86_64, r-oldrel-osx-x86_64