CRAN Package Check Results for Package stream

Last updated on 2018-11-18 10:50:18 CET.

Flavor Version Tinstall Tcheck Ttotal Status Flags
r-devel-linux-x86_64-debian-clang 1.3-0 109.76 149.72 259.48 WARN
r-devel-linux-x86_64-debian-gcc 1.3-0 93.08 117.27 210.35 OK
r-devel-linux-x86_64-fedora-clang 1.3-0 358.53 WARN
r-devel-linux-x86_64-fedora-gcc 1.3-0 327.26 OK
r-devel-windows-ix86+x86_64 1.3-0 300.00 223.00 523.00 OK
r-patched-linux-x86_64 1.3-0 118.70 147.31 266.01 OK
r-patched-solaris-x86 1.3-0 400.30 OK
r-release-linux-x86_64 1.3-0 117.57 147.04 264.61 OK
r-release-windows-ix86+x86_64 1.3-0 305.00 299.00 604.00 OK
r-release-osx-x86_64 1.3-0 WARN
r-oldrel-windows-ix86+x86_64 1.3-0 322.00 310.00 632.00 OK
r-oldrel-osx-x86_64 1.3-0 NOTE

Check Details

Version: 1.3-0
Check: whether package can be installed
Result: WARN
    Found the following significant warnings:
     BIRCH/CFTree.cpp:18:6: warning: 'this' pointer cannot be null in well-defined C++ code; comparison may be assumed to always evaluate to true [-Wtautological-undefined-compare]
Flavors: r-devel-linux-x86_64-debian-clang, r-devel-linux-x86_64-fedora-clang, r-release-osx-x86_64

Version: 1.3-0
Check: installed package size
Result: NOTE
     installed size is 11.6Mb
     sub-directories of 1Mb or more:
     doc 1.6Mb
     libs 9.3Mb
Flavors: r-devel-linux-x86_64-fedora-clang, r-release-osx-x86_64, r-oldrel-osx-x86_64