CRAN Package Check Results for Package stream

Last updated on 2018-08-22 06:47:06 CEST.

Flavor Version Tinstall Tcheck Ttotal Status Flags
r-devel-linux-x86_64-debian-clang 1.3-0 103.86 163.42 267.28 WARN
r-devel-linux-x86_64-debian-gcc 1.3-0 95.84 127.83 223.67 OK
r-devel-linux-x86_64-fedora-clang 1.3-0 364.14 WARN
r-devel-linux-x86_64-fedora-gcc 1.3-0 365.09 OK
r-devel-windows-ix86+x86_64 1.3-0 235.00 248.00 483.00 OK
r-patched-linux-x86_64 1.3-0 114.95 145.85 260.80 OK
r-patched-solaris-x86 1.3-0 370.00 OK
r-release-linux-x86_64 1.3-0 111.46 145.46 256.92 OK
r-release-windows-ix86+x86_64 1.3-0 318.00 211.00 529.00 OK
r-release-osx-x86_64 1.3-0 WARN
r-oldrel-windows-ix86+x86_64 1.3-0 235.00 315.00 550.00 OK
r-oldrel-osx-x86_64 1.3-0 NOTE

Check Details

Version: 1.3-0
Check: whether package can be installed
Result: WARN
    Found the following significant warnings:
     BIRCH/CFTree.cpp:18:6: warning: 'this' pointer cannot be null in well-defined C++ code; comparison may be assumed to always evaluate to true [-Wtautological-undefined-compare]
Flavors: r-devel-linux-x86_64-debian-clang, r-devel-linux-x86_64-fedora-clang, r-release-osx-x86_64

Version: 1.3-0
Check: installed package size
Result: NOTE
     installed size is 11.4Mb
     sub-directories of 1Mb or more:
     doc 1.6Mb
     libs 9.0Mb
Flavors: r-devel-linux-x86_64-fedora-clang, r-release-osx-x86_64, r-oldrel-osx-x86_64