CRAN Package Check Results for Package strat

Last updated on 2019-09-21 08:50:23 CEST.

Flavor Version Tinstall Tcheck Ttotal Status Flags
r-devel-linux-x86_64-debian-clang 0.1 23.88 29.75 53.63 OK
r-devel-linux-x86_64-debian-gcc 0.1 18.60 24.36 42.96 OK
r-devel-linux-x86_64-fedora-clang 0.1 75.89 NOTE
r-devel-linux-x86_64-fedora-gcc 0.1 76.51 NOTE
r-devel-windows-ix86+x86_64 0.1 66.00 97.00 163.00 OK
r-patched-linux-x86_64 0.1 19.92 29.60 49.52 OK
r-patched-solaris-x86 0.1 100.00 OK
r-release-linux-x86_64 0.1 20.53 30.92 51.45 OK
r-release-windows-ix86+x86_64 0.1 40.00 70.00 110.00 OK
r-release-osx-x86_64 0.1 OK
r-oldrel-windows-ix86+x86_64 0.1 40.00 64.00 104.00 OK
r-oldrel-osx-x86_64 0.1 OK

Check Details

Version: 0.1
Check: compiled code
Result: NOTE
    File ‘strat/libs/strat.so’:
     Found no calls to: ‘R_registerRoutines’, ‘R_useDynamicSymbols’
    
    It is good practice to register native routines and to disable symbol
    search.
    
    See ‘Writing portable packages’ in the ‘Writing R Extensions’ manual.
Flavors: r-devel-linux-x86_64-fedora-clang, r-devel-linux-x86_64-fedora-gcc