CRAN Package Check Results for Package stpm

Last updated on 2019-09-19 10:48:05 CEST.

Flavor Version Tinstall Tcheck Ttotal Status Flags
r-devel-linux-x86_64-debian-clang 1.7.7 200.58 378.46 579.04 OK
r-devel-linux-x86_64-debian-gcc 1.7.7 156.14 293.08 449.22 OK
r-devel-linux-x86_64-fedora-clang 1.7.7 813.89 NOTE
r-devel-linux-x86_64-fedora-gcc 1.7.7 776.32 NOTE
r-devel-windows-ix86+x86_64 1.7.7 444.00 533.00 977.00 OK
r-patched-linux-x86_64 1.7.7 165.28 387.16 552.44 OK
r-patched-solaris-x86 1.7.7 852.80 NOTE
r-release-linux-x86_64 1.7.7 168.59 379.53 548.12 OK
r-release-windows-ix86+x86_64 1.7.7 320.00 418.00 738.00 OK
r-release-osx-x86_64 1.7.7 NOTE
r-oldrel-windows-ix86+x86_64 1.7.7 267.00 407.00 674.00 OK
r-oldrel-osx-x86_64 1.7.7 NOTE

Check Details

Version: 1.7.7
Check: installed package size
Result: NOTE
     installed size is 9.4Mb
     sub-directories of 1Mb or more:
     libs 6.9Mb
Flavors: r-devel-linux-x86_64-fedora-clang, r-release-osx-x86_64, r-oldrel-osx-x86_64

Version: 1.7.7
Check: dependencies in R code
Result: NOTE
    Namespace in Imports field not imported from: ‘knitcitations’
     All declared Imports should be used.
Flavors: r-devel-linux-x86_64-fedora-clang, r-devel-linux-x86_64-fedora-gcc, r-patched-solaris-x86, r-release-osx-x86_64, r-oldrel-osx-x86_64