CRAN Package Check Results for Package stepR

Last updated on 2020-01-20 23:50:27 CET.

Flavor Version Tinstall Tcheck Ttotal Status Flags
r-devel-linux-x86_64-debian-clang 2.0-4 162.88 275.64 438.52 OK
r-devel-linux-x86_64-debian-gcc 2.0-4 94.79 201.02 295.81 OK
r-devel-linux-x86_64-fedora-clang 2.0-4 537.08 NOTE
r-devel-linux-x86_64-fedora-gcc 2.0-4 485.34 OK
r-devel-windows-ix86+x86_64 2.0-4 418.00 552.00 970.00 OK
r-devel-windows-ix86+x86_64-gcc8 2.0-4 309.00 572.00 881.00 OK
r-patched-linux-x86_64 2.0-4 110.25 241.25 351.50 OK
r-patched-solaris-x86 2.0-4 509.70 OK
r-release-linux-x86_64 2.0-4 111.35 240.82 352.17 OK
r-release-windows-ix86+x86_64 2.0-4 412.00 511.00 923.00 OK
r-release-osx-x86_64 2.0-4 OK
r-oldrel-windows-ix86+x86_64 2.0-4 245.00 378.00 623.00 OK
r-oldrel-osx-x86_64 2.0-4 OK

Check Details

Version: 2.0-4
Check: installed package size
Result: NOTE
     installed size is 5.2Mb
     sub-directories of 1Mb or more:
     libs 4.1Mb
Flavor: r-devel-linux-x86_64-fedora-clang