CRAN Package Check Results for Package stepR

Last updated on 2019-09-15 19:49:15 CEST.

Flavor Version Tinstall Tcheck Ttotal Status Flags
r-devel-linux-x86_64-debian-clang 2.0-3 138.23 235.16 373.39 OK
r-devel-linux-x86_64-debian-gcc 2.0-3 99.41 175.54 274.95 OK
r-devel-linux-x86_64-fedora-clang 2.0-3 494.15 NOTE
r-devel-linux-x86_64-fedora-gcc 2.0-3 438.84 OK
r-devel-windows-ix86+x86_64 2.0-3 365.00 349.00 714.00 OK
r-patched-linux-x86_64 2.0-3 112.62 231.38 344.00 OK
r-patched-solaris-x86 2.0-3 486.80 OK
r-release-linux-x86_64 2.0-3 109.91 229.29 339.20 OK
r-release-windows-ix86+x86_64 2.0-3 245.00 355.00 600.00 OK
r-release-osx-x86_64 2.0-3 OK
r-oldrel-windows-ix86+x86_64 2.0-3 320.00 374.00 694.00 OK
r-oldrel-osx-x86_64 2.0-3 OK

Check Details

Version: 2.0-3
Check: installed package size
Result: NOTE
     installed size is 5.2Mb
     sub-directories of 1Mb or more:
     libs 4.1Mb
Flavor: r-devel-linux-x86_64-fedora-clang