CRAN Package Check Results for Package statVisual

Last updated on 2019-10-20 03:47:42 CEST.

Flavor Version Tinstall Tcheck Ttotal Status Flags
r-devel-linux-x86_64-debian-clang 1.1.8 15.43 181.35 196.78 OK
r-devel-linux-x86_64-debian-gcc 1.1.8 12.76 136.58 149.34 OK
r-devel-linux-x86_64-fedora-clang 1.1.8 227.90 NOTE
r-devel-linux-x86_64-fedora-gcc 1.1.8 156.78 NOTE
r-devel-windows-ix86+x86_64 1.1.8 44.00 281.00 325.00 OK
r-patched-linux-x86_64 1.1.8 12.06 167.76 179.82 OK
r-patched-solaris-x86 1.1.8 290.10 NOTE
r-release-linux-x86_64 1.1.8 13.33 174.77 188.10 OK
r-release-windows-ix86+x86_64 1.1.8 38.00 290.00 328.00 OK
r-release-osx-x86_64 1.1.8 NOTE
r-oldrel-windows-ix86+x86_64 1.1.8 21.00 196.00 217.00 OK
r-oldrel-osx-x86_64 1.1.8 ERROR

Check Details

Version: 1.1.8
Check: dependencies in R code
Result: NOTE
    Namespaces in Imports field not imported from:
     ‘gbm’ ‘ggfortify’ ‘multigroup’ ‘tibble’ ‘tidyverse’
     All declared Imports should be used.
Flavors: r-devel-linux-x86_64-fedora-clang, r-devel-linux-x86_64-fedora-gcc, r-patched-solaris-x86, r-release-osx-x86_64

Version: 1.1.8
Check: package dependencies
Result: ERROR
    Package required but not available: ‘pvca’
    
    See section ‘The DESCRIPTION file’ in the ‘Writing R Extensions’
    manual.
Flavor: r-oldrel-osx-x86_64