CRAN Package Check Results for Package statVisual

Last updated on 2019-07-16 07:51:06 CEST.

Flavor Version Tinstall Tcheck Ttotal Status Flags
r-devel-linux-x86_64-debian-clang 1.1.8 14.98 179.41 194.39 OK
r-devel-linux-x86_64-debian-gcc 1.1.8 13.30 137.42 150.72 OK
r-devel-linux-x86_64-fedora-clang 1.1.8 233.62 NOTE
r-devel-linux-x86_64-fedora-gcc 1.1.8 229.50 NOTE
r-devel-windows-ix86+x86_64 1.1.8 45.00 282.00 327.00 OK
r-patched-linux-x86_64 1.1.8 14.94 172.99 187.93 OK
r-patched-solaris-x86 1.1.8 323.30 NOTE
r-release-linux-x86_64 1.1.8 17.07 173.76 190.83 OK
r-release-windows-ix86+x86_64 1.1.8 35.00 274.00 309.00 OK
r-release-osx-x86_64 1.1.8 ERROR
r-oldrel-windows-ix86+x86_64 1.1.8 30.00 255.00 285.00 OK
r-oldrel-osx-x86_64 1.1.8 ERROR

Check Details

Version: 1.1.8
Check: dependencies in R code
Result: NOTE
    Namespaces in Imports field not imported from:
     ‘gbm’ ‘ggfortify’ ‘multigroup’ ‘tibble’ ‘tidyverse’
     All declared Imports should be used.
Flavors: r-devel-linux-x86_64-fedora-clang, r-devel-linux-x86_64-fedora-gcc, r-patched-solaris-x86

Version: 1.1.8
Check: package dependencies
Result: ERROR
    Packages required but not available: 'Biobase', 'pvca', 'limma'
    
    See section ‘The DESCRIPTION file’ in the ‘Writing R Extensions’
    manual.
Flavor: r-release-osx-x86_64

Version: 1.1.8
Check: package dependencies
Result: ERROR
    Package required but not available: ‘pvca’
    
    See section ‘The DESCRIPTION file’ in the ‘Writing R Extensions’
    manual.
Flavor: r-oldrel-osx-x86_64