CRAN Package Check Results for Package stUPscales

Last updated on 2019-09-20 18:48:17 CEST.

Flavor Version Tinstall Tcheck Ttotal Status Flags
r-devel-linux-x86_64-debian-clang 1.0.3.4 15.92 157.65 173.57 NOTE
r-devel-linux-x86_64-debian-gcc 1.0.3.4 14.02 132.92 146.94 NOTE
r-devel-linux-x86_64-fedora-clang 1.0.3.4 217.79 NOTE
r-devel-linux-x86_64-fedora-gcc 1.0.3.4 202.71 NOTE
r-devel-windows-ix86+x86_64 1.0.3.4 56.00 196.00 252.00 OK
r-patched-linux-x86_64 1.0.3.4 14.85 151.50 166.35 OK
r-patched-solaris-x86 1.0.3.4 328.00 OK
r-release-linux-x86_64 1.0.3.4 15.22 151.71 166.93 OK
r-release-windows-ix86+x86_64 1.0.3.4 42.00 268.00 310.00 OK
r-release-osx-x86_64 1.0.3.4 ERROR
r-oldrel-windows-ix86+x86_64 1.0.3.4 22.00 186.00 208.00 OK
r-oldrel-osx-x86_64 1.0.3.4 ERROR

Check Details

Version: 1.0.3.4
Check: for non-standard things in the check directory
Result: NOTE
    Found the following files/directories:
     'EmiStatR_output' 'ExamplePlot-event.pdf' 'ExamplePlot-season.pdf'
     'Output1_MC-uncertainty_360min-event.pdf'
     'Output1_MC-uncertainty_360min-season.pdf' 'gof.RData' 'gof.csv'
     'gofGoF_results.RData' 'gofGoF_results.csv' 'mc.RData' 'sim1.RData'
     'summ.RData' 'variance.RData'
Flavors: r-devel-linux-x86_64-debian-clang, r-devel-linux-x86_64-debian-gcc, r-devel-linux-x86_64-fedora-clang, r-devel-linux-x86_64-fedora-gcc

Version: 1.0.3.4
Check: package dependencies
Result: ERROR
    Package required but not available: ‘EmiStatR’
    
    See section ‘The DESCRIPTION file’ in the ‘Writing R Extensions’
    manual.
Flavor: r-release-osx-x86_64

Version: 1.0.3.4
Check: whether package can be installed
Result: ERROR
    Installation failed.
Flavor: r-oldrel-osx-x86_64