CRAN Package Check Results for Package spikeSlabGAM

Last updated on 2018-05-27 06:47:17 CEST.

Flavor Version Tinstall Tcheck Ttotal Status Flags
r-devel-linux-x86_64-debian-clang 1.1-11 11.31 91.51 102.82 NOTE --no-vignettes
r-devel-linux-x86_64-debian-gcc 1.1-11 9.75 71.48 81.23 NOTE --no-vignettes
r-devel-linux-x86_64-fedora-clang 1.1-11 758.91 WARN
r-devel-linux-x86_64-fedora-gcc 1.1-11 752.83 WARN
r-devel-windows-ix86+x86_64 1.1-11 19.00 163.00 182.00 OK --no-vignettes
r-patched-linux-x86_64 1.1-11 12.08 78.48 90.56 NOTE --no-vignettes
r-patched-solaris-x86 1.1-11 165.10 OK --no-vignettes
r-release-linux-x86_64 1.1-11 11.10 78.56 89.66 NOTE --no-vignettes
r-release-windows-ix86+x86_64 1.1-11 24.00 110.00 134.00 OK --no-vignettes
r-release-osx-x86_64 1.1-11 OK
r-oldrel-windows-ix86+x86_64 1.1-11 21.00 111.00 132.00 OK --no-vignettes
r-oldrel-osx-x86_64 1.1-11 NOTE

Check Details

Version: 1.1-11
Flags: --no-vignettes
Check: compiled code
Result: NOTE
    File ‘spikeSlabGAM/libs/spikeSlabGAM.so’:
     Found no calls to: ‘R_registerRoutines’, ‘R_useDynamicSymbols’
    
    It is good practice to register native routines and to disable symbol
    search.
    
    See ‘Writing portable packages’ in the ‘Writing R Extensions’ manual.
Flavors: r-devel-linux-x86_64-debian-clang, r-devel-linux-x86_64-debian-gcc, r-patched-linux-x86_64, r-release-linux-x86_64

Version: 1.1-11
Check: compiled code
Result: NOTE
    File ‘spikeSlabGAM/libs/spikeSlabGAM.so’:
     Found no calls to: ‘R_registerRoutines’, ‘R_useDynamicSymbols’
    
    It is good practice to register native routines and to disable symbol
    search.
    
    See ‘Writing portable packages’ in the ‘Writing R Extensions’ manual.
Flavors: r-devel-linux-x86_64-fedora-clang, r-devel-linux-x86_64-fedora-gcc

Version: 1.1-11
Check: re-building of vignette outputs
Result: WARN
    Error in re-building vignettes:
     ...
    ## ----- This is spikeSlabGAM 1.1-11 ----- ##
    Please note that a recent update to gridExtra has made it necessary
     to change the interface for <plot.spikeSlabGAM> starting in version 1.1-9.
    Instead of arguments 'rows', 'cols', 'widths', 'heights', 'maxPlotsPerPage',
     it now accepts only 'nrow' and 'ncol'.
    Arguments 'widths' & 'heights' can still be defined and are handed over
     to <gridExtra:::marrangeGrob>.
    Sorry for the inconvenience.
    Loading required package: parallel
    Loading required package: stabs
    This is mboost 2.8-1. See 'package?mboost' and 'news(package = "mboost")'
    for a complete list of changes.
    
    
    Attaching package: 'ggplot2'
    
    The following object is masked from 'package:mboost':
    
     %+%
    
    Warning in (function (xnew) :
     predictions outside fitted range for lin(glucose).
    Warning in (function (xnew) :
     predictions outside fitted range for sm(glucose).
    Warning in bsplines(mf[[i]], knots = args$knots[[i]]$knots, boundary.knots = args$knots[[i]]$boundary.knots, :
     Some 'x' values are beyond 'boundary.knots'; Linear extrapolation used.
    Warning in (function (xnew) :
     predictions outside fitted range for lin(glucose).
    Warning in (function (xnew) :
     predictions outside fitted range for sm(glucose).
    Error in texi2dvi(file = file, pdf = TRUE, clean = clean, quiet = quiet, :
     Running 'texi2dvi' on 'UsingSpikeSlabGAM.tex' failed.
    LaTeX errors:
    ! Package inputenc Error: Invalid UTF-8 byte 252.
    
    See the inputenc package documentation for explanation.
    Type H <return> for immediate help.
     ...
    Calls: buildVignettes -> texi2pdf -> texi2dvi
    Execution halted
Flavors: r-devel-linux-x86_64-fedora-clang, r-devel-linux-x86_64-fedora-gcc

Version: 1.1-11
Check: re-building of vignette outputs
Result: NOTE
    Error in re-building vignettes:
     ...
     predictions outside fitted range for lin(glucose).
    Warning in (function (xnew) :
     predictions outside fitted range for sm(glucose).
    Warning in bsplines(mf[[i]], knots = args$knots[[i]]$knots, boundary.knots = args$knots[[i]]$boundary.knots, :
     Some 'x' values are beyond 'boundary.knots'; Linear extrapolation used.
    Warning in (function (xnew) :
     predictions outside fitted range for lin(glucose).
    Warning in (function (xnew) :
     predictions outside fitted range for sm(glucose).
    Error in texi2dvi(file = file, pdf = TRUE, clean = clean, quiet = quiet, :
     Running 'texi2dvi' on 'UsingSpikeSlabGAM.tex' failed.
    LaTeX errors:
    ! LaTeX Error: File `algorithmic.sty' not found.
    
    Type X to quit or <RETURN> to proceed,
    or enter new name. (Default extension: sty)
    
    ! Emergency stop.
    <read *>
    
    l.12 \usepackage
     {algorithm}^^M
    ! ==> Fatal error occurred, no output PDF file produced!
    Calls: buildVignettes -> texi2pdf -> texi2dvi
    Execution halted
Flavor: r-oldrel-osx-x86_64