CRAN Package Check Results for Package speaq

Last updated on 2017-12-18 01:47:03 CET.

Flavor Version Tinstall Tcheck Ttotal Status Flags
r-devel-linux-x86_64-debian-clang 2.1.0 3.33 221.39 224.72 OK
r-devel-linux-x86_64-debian-gcc OK
r-devel-linux-x86_64-fedora-clang 2.1.0 281.79 OK
r-devel-linux-x86_64-fedora-gcc 2.1.0 279.25 OK
r-devel-windows-ix86+x86_64 2.1.0 8.00 450.00 458.00 OK
r-patched-linux-x86_64 2.1.0 3.12 246.14 249.26 OK
r-patched-solaris-x86 2.1.0 954.30 OK
r-release-linux-x86_64 2.1.0 3.88 264.17 268.05 OK
r-release-windows-ix86+x86_64 2.1.0 9.00 454.00 463.00 OK
r-release-osx-x86_64 2.1.0 ERROR
r-oldrel-windows-ix86+x86_64 2.1.0 8.00 657.00 665.00 OK
r-oldrel-osx-x86_64 2.1.0 OK

Check Details

Version: 2.1.0
Check: package dependencies
Result: ERROR
    Packages required but not available: ‘MassSpecWavelet’ ‘impute’
    
    See section ‘The DESCRIPTION file’ in the ‘Writing R Extensions’
    manual.
Flavor: r-release-osx-x86_64