CRAN Package Check Results for Package speaq

Last updated on 2018-07-21 14:47:50 CEST.

Flavor Version Tinstall Tcheck Ttotal Status Flags
r-devel-linux-x86_64-debian-clang 2.3.3 6.21 240.75 246.96 OK
r-devel-linux-x86_64-debian-gcc 2.3.3 6.10 174.51 180.61 OK
r-devel-linux-x86_64-fedora-clang 2.3.3 282.43 NOTE
r-devel-linux-x86_64-fedora-gcc 2.3.3 276.18 OK
r-devel-windows-ix86+x86_64 2.3.3 18.00 468.00 486.00 NOTE
r-patched-linux-x86_64 2.3.3 ERROR
r-patched-solaris-x86 2.3.3 1120.60 NOTE
r-release-linux-x86_64 2.3.3 6.66 235.48 242.14 OK
r-release-windows-ix86+x86_64 2.3.3 19.00 499.00 518.00 NOTE
r-release-osx-x86_64 2.3.3 NOTE
r-oldrel-windows-ix86+x86_64 2.3.3 10.00 665.00 675.00 NOTE
r-oldrel-osx-x86_64 2.3.3 NOTE

Check Details

Version: 2.3.3
Check: installed package size
Result: NOTE
     installed size is 5.2Mb
     sub-directories of 1Mb or more:
     data 1.5Mb
     doc 3.4Mb
Flavors: r-devel-linux-x86_64-fedora-clang, r-devel-windows-ix86+x86_64, r-patched-solaris-x86, r-release-windows-ix86+x86_64, r-release-osx-x86_64, r-oldrel-windows-ix86+x86_64, r-oldrel-osx-x86_64

Version: 2.3.3
Check: examples
Result: ERROR
    Running examples in ‘speaq-Ex.R’ failed
    The error most likely occurred in:
    
    > base::assign(".ptime", proc.time(), pos = "CheckExEnv")
    > ### Name: HMDBsearchR
    > ### Title: Submit 1H NMR peaks to HMDB for compound search
    > ### Aliases: HMDBsearchR
    >
    > ### ** Examples
    >
    > HMDBsearchR(peakVector = c(3.2, 3.38), ppmTol = 0.2, returnURL = TRUE)
    Warning in request_GET(session, url) :
     Internal Server Error (HTTP 500).
    Error in open.connection(x, "rb") : HTTP error 500.
    Calls: HMDBsearchR -> <Anonymous> -> <Anonymous> -> read_html.default
    Execution halted
Flavor: r-patched-linux-x86_64