CRAN Package Check Results for Package speaq

Last updated on 2018-10-20 09:55:27 CEST.

Flavor Version Tinstall Tcheck Ttotal Status Flags
r-devel-linux-x86_64-debian-clang 2.3.3 6.12 245.18 251.30 OK
r-devel-linux-x86_64-debian-gcc 2.3.3 6.31 178.16 184.47 OK
r-devel-linux-x86_64-fedora-clang 2.3.3 193.38 NOTE
r-devel-linux-x86_64-fedora-gcc 2.3.3 279.71 OK
r-devel-windows-ix86+x86_64 2.3.3 17.00 514.00 531.00 NOTE
r-patched-linux-x86_64 2.3.3 6.29 232.87 239.16 OK
r-patched-solaris-x86 2.3.3 1097.50 NOTE
r-release-linux-x86_64 2.3.3 6.44 231.12 237.56 OK
r-release-windows-ix86+x86_64 2.3.3 19.00 603.00 622.00 NOTE
r-release-osx-x86_64 2.3.3 NOTE
r-oldrel-windows-ix86+x86_64 2.3.3 9.00 695.00 704.00 NOTE
r-oldrel-osx-x86_64 2.3.3 NOTE

Check Details

Version: 2.3.3
Check: installed package size
Result: NOTE
     installed size is 5.2Mb
     sub-directories of 1Mb or more:
     data 1.5Mb
     doc 3.4Mb
Flavors: r-devel-linux-x86_64-fedora-clang, r-devel-windows-ix86+x86_64, r-patched-solaris-x86, r-release-windows-ix86+x86_64, r-release-osx-x86_64, r-oldrel-windows-ix86+x86_64, r-oldrel-osx-x86_64