CRAN Package Check Results for Package spatialwidget

Last updated on 2019-04-19 03:47:48 CEST.

Flavor Version Tinstall Tcheck Ttotal Status Flags
r-devel-linux-x86_64-debian-clang 0.2 165.88 29.20 195.08 OK
r-devel-linux-x86_64-debian-gcc 0.2 228.56 24.15 252.71 OK
r-devel-linux-x86_64-fedora-clang 0.2 285.84 NOTE
r-devel-linux-x86_64-fedora-gcc 0.2 315.61 OK
r-devel-windows-ix86+x86_64 0.2 448.00 92.00 540.00 NOTE
r-patched-linux-x86_64 0.2 270.05 29.06 299.11 OK
r-patched-solaris-x86 0.2 270.20 OK
r-release-linux-x86_64 0.2 269.53 27.67 297.20 OK
r-release-windows-ix86+x86_64 0.2 352.00 101.00 453.00 NOTE
r-release-osx-x86_64 0.2 NOTE
r-oldrel-windows-ix86+x86_64 0.2 338.00 100.00 438.00 NOTE
r-oldrel-osx-x86_64 0.2 NOTE

Check Details

Version: 0.2
Check: installed package size
Result: NOTE
     installed size is 16.7Mb
     sub-directories of 1Mb or more:
     doc 1.2Mb
     libs 15.1Mb
Flavors: r-devel-linux-x86_64-fedora-clang, r-devel-windows-ix86+x86_64, r-release-windows-ix86+x86_64, r-release-osx-x86_64, r-oldrel-windows-ix86+x86_64, r-oldrel-osx-x86_64