CRAN Package Check Results for Package spatialwidget

Last updated on 2019-06-15 21:54:48 CEST.

Flavor Version Tinstall Tcheck Ttotal Status Flags
r-devel-linux-x86_64-debian-clang 0.2 174.61 29.24 203.85 OK
r-devel-linux-x86_64-debian-gcc 0.2 235.24 25.05 260.29 OK
r-devel-linux-x86_64-fedora-clang 0.2 290.16 NOTE
r-devel-linux-x86_64-fedora-gcc 0.2 317.15 OK
r-devel-windows-ix86+x86_64 0.2 471.00 108.00 579.00 NOTE
r-patched-linux-x86_64 0.2 261.88 29.79 291.67 OK
r-patched-solaris-x86 0.2 268.60 OK
r-release-linux-x86_64 0.2 268.56 29.40 297.96 OK
r-release-windows-ix86+x86_64 0.2 318.00 97.00 415.00 NOTE
r-release-osx-x86_64 0.2 NOTE
r-oldrel-windows-ix86+x86_64 0.2 326.00 98.00 424.00 NOTE
r-oldrel-osx-x86_64 0.2 NOTE

Check Details

Version: 0.2
Check: installed package size
Result: NOTE
     installed size is 16.7Mb
     sub-directories of 1Mb or more:
     doc 1.2Mb
     libs 15.1Mb
Flavors: r-devel-linux-x86_64-fedora-clang, r-devel-windows-ix86+x86_64, r-release-windows-ix86+x86_64, r-release-osx-x86_64, r-oldrel-windows-ix86+x86_64, r-oldrel-osx-x86_64